-- Table structure for table `file_managed`
--

CREATE TABLE IF NOT EXISTS `file_managed` (
  `fid` int(10) unsigned NOT NULL AUTO_INCREMENT,
  `uuid` varchar(128) CHARACTER SET ascii NOT NULL,
  `langcode` varchar(12) CHARACTER SET ascii NOT NULL,
  `uid` int(10) unsigned DEFAULT NULL COMMENT 'The ID of the target entity.',
  `filename` varchar(255) DEFAULT NULL,
  `uri` varchar(255) CHARACTER SET utf8mb4 COLLATE utf8mb4_bin NOT NULL,
  `filemime` varchar(255) CHARACTER SET ascii DEFAULT NULL,
  `filesize` bigint(20) unsigned DEFAULT NULL,
  `status` tinyint(4) NOT NULL,
  `created` int(11) DEFAULT NULL,
  `changed` int(11) NOT NULL,
  PRIMARY KEY (`fid`),
  UNIQUE KEY `file_field__uuid__value` (`uuid`),
  KEY `file_field__uid__target_id` (`uid`),
  KEY `file_field__uri` (`uri`(191)),
  KEY `file_field__status` (`status`),
  KEY `file_field__changed` (`changed`)
) ENGINE=InnoDB  DEFAULT CHARSET=utf8mb4 COMMENT='The base table for file entities.' AUTO_INCREMENT=64 ;

--
-- Dumping data for table `file_managed`
--

INSERT INTO `file_managed` (`fid`, `uuid`, `langcode`, `uid`, `filename`, `uri`, `filemime`, `filesize`, `status`, `created`, `changed`) VALUES
(1, '5e036499-fb89-4cd6-882f-639b2766ce74', 'en', 1, 'banner-img.jpg', 'public://2018-10/banner-img.jpg', 'image/jpeg', 144235, 1, 1539089542, 1539089611),
(2, 'e8976b6a-ea38-4941-a9c6-dbd6ba6a5185', 'en', 1, 'client_logo-1.png', 'public://2018-10/client_logo-1.png', 'image/png', 6144, 1, 1539154096, 1539154136),
(3, 'a3e751b3-af5e-4e0f-869d-75dcd2311838', 'en', 1, 'client_logo-2.png', 'public://2018-10/client_logo-2.png', 'image/png', 5834, 1, 1539154104, 1539154136),
(4, '75b5703b-842e-440a-91e6-cb17ec32e3bf', 'en', 1, 'client_logo-3.png', 'public://2018-10/client_logo-3.png', 'image/png', 5115, 1, 1539154109, 1539154136),
(5, '0e2e42b1-35df-4f52-bbd1-10f5401e7016', 'en', 1, 'client_logo-4.png', 'public://2018-10/client_logo-4.png', 'image/png', 7347, 1, 1539154114, 1539154136),
(6, '0bd2fe7d-9715-4ef5-8006-1bf03323eed5', 'en', 1, 'client_logo-5.png', 'public://2018-10/client_logo-5.png', 'image/png', 5689, 1, 1539154133, 1539154136),
(7, 'f3bfd40e-91ad-48a7-8608-002b39f01ef2', 'en', 1, 'logo_img.png', 'temporary://logo_img.png', 'image/png', 2428, 0, 1539156235, 1539156235),
(8, '5403872d-c665-491e-ad39-0fb2bddd8459', 'en', 1, 'icone-1.png', 'public://2018-10/icone-1.png', 'image/png', 2464, 1, 1539157904, 1539158029),
(9, '36954b90-2c80-47dd-8f6c-8d90ec428bb4', 'en', 1, 'icone-2.png', 'public://2018-10/icone-2.png', 'image/png', 2536, 1, 1539157986, 1539158029),
(10, 'bfd1c84e-38f6-47a5-9ee2-2193df1d65db', 'en', 1, 'icone-3.png', 'public://2018-10/icone-3.png', 'image/png', 2600, 1, 1539158025, 1539158029),
(11, 'fdd63a09-b517-464a-89d4-2cad8a5b8896', 'en', 1, 's-left-1.png', 'public://2018-10/s-left-1.png', 'image/png', 300578, 1, 1539164029, 1539164076),
(12, '03b82b5e-f507-4664-86b9-7d8e892b57c4', 'en', 1, 's-left.png', 'public://2018-10/s-left.png', 'image/png', 358840, 1, 1539164534, 1539164549),
(13, '18b8e243-eaea-4b43-a0cc-cc6c5e1dbaa7', 'en', 1, 'img-g.png', 'public://2018-10/img-g.png', 'image/png', 4382, 1, 1539169541, 1539169551),
(16, '7e53f60b-bddc-4bc0-a609-6d29c99b7988', 'en', 1, 'logos-s.png', 'public://2018-10/logos-s_0.png', 'image/png', 4449, 1, 1539177116, 1539177130),
(17, 'e66e956d-bcbb-4d5d-9334-61618542e147', 'en', 1, 'testimonial-1.jpg', 'public://2018-10/testimonial-1.jpg', 'image/jpeg', 4958, 1, 1539177128, 1539177130),
(18, 'd30e8e20-f164-4b8e-9263-559cba588bca', 'en', 1, 'testimonial-2.jpg', 'public://2018-10/testimonial-2.jpg', 'image/jpeg', 4215, 1, 1539177151, 1539177160),
(19, 'e70d45f1-9a37-4555-959d-3c11ed2b69fd', 'en', 1, 'logos-s.png', 'public://2018-10/logos-s.png', 'image/png', 4449, 1, 1539177157, 1539177160),
(20, '0eb55e27-4bfb-4351-b2d0-424048f5d196', 'en', 1, 'testimonial-3.jpg', 'public://2018-10/testimonial-3.jpg', 'image/jpeg', 4958, 1, 1539177172, 1539177188),
(21, '0a2191f4-9fad-42ae-adcb-376c0e37046e', 'en', 1, 'logos-s.png', 'public://2018-10/logos-s_1.png', 'image/png', 4449, 1, 1539177185, 1539177188),
(22, 'dc1abbe7-9b54-4741-b9ab-b20435fc43f5', 'en', 1, 'logo_img.png', 'public://inline-images/logo_img.png', 'image/png', 2428, 1, 1539180414, 1539180426),
(23, '158cacc3-ad57-4773-a83e-dc41e70c86dd', 'en', 1, 'banner-img.jpg', 'public://2018-10/banner-img_0.jpg', 'image/jpeg', 144235, 1, 1539240015, 1539240065),
(24, 'a221f81c-f7ee-4680-a220-1fad5498be50', 'en', 1, 'image_about_left.jpg', 'public://2018-10/image_about_left.jpg', 'image/jpeg', 530439, 1, 1539250649, 1539250673),
(25, '5af39116-4e3e-4089-8bf3-f1340ce64c72', 'en', 1, 'img-2.png', 'public://2018-10/img-2.png', 'image/png', 4377, 1, 1539250655, 1539250673),
(26, 'dad6c73f-8bf7-4828-afd4-3a2a33754419', 'en', 1, 'image_about_right.jpg', 'public://2018-10/image_about_right.jpg', 'image/jpeg', 626067, 1, 1539252132, 1539252135),
(27, '9aef5ef2-4171-4f4c-920e-7bee849c5755', 'en', 1, 'tm-1.jpg', 'public://2018-10/tm-1.jpg', 'image/jpeg', 38243, 1, 1539255100, 1539255173),
(28, '66622d00-88ba-48f3-b393-762c1fddcc72', 'en', 1, 'tm-3.jpg', 'public://2018-10/tm-3.jpg', 'image/jpeg', 26485, 1, 1539255165, 1539255173),
(29, '4b569df2-2db6-4bd7-a721-cb8471254037', 'en', 1, 'tm-2.jpg', 'public://2018-10/tm-2.jpg', 'image/jpeg', 39147, 1, 1539255327, 1539255331),
(30, 'a22e9f67-173f-4574-8e87-f6473dd26417', 'en', 1, 'banner-img.jpg', 'public://2018-10/banner-img_1.jpg', 'image/jpeg', 144235, 1, 1539259518, 1539259565),
(31, '75f5c3fa-2a7e-40e0-a9b5-f0ebc15c8f44', 'en', 1, 'client_logo-1.png', 'public://2018-10/client_logo-1_0.png', 'image/png', 6144, 1, 1539262787, 1539262865),
(32, '86df5e30-b83a-43f1-9842-608af37ef85a', 'en', 1, 'client_logo-2.png', 'public://2018-10/client_logo-2_0.png', 'image/png', 5834, 1, 1539262814, 1539262865),
(33, 'c62a15c9-a7c0-42e7-b815-575ea6ea8513', 'en', 1, 'client_logo-3.png', 'public://2018-10/client_logo-3_0.png', 'image/png', 5115, 1, 1539262839, 1539262865),
(34, 'acb51edf-de85-440e-89d1-d82e3565638a', 'en', 1, 'client_logo-4.png', 'public://2018-10/client_logo-4_0.png', 'image/png', 7347, 1, 1539262846, 1539262865),
(35, 'a6d80568-0340-42fd-8147-a259044c383e', 'en', 1, 'client_logo-5.png', 'public://2018-10/client_logo-5_0.png', 'image/png', 5689, 1, 1539262854, 1539262865),
(36, 'debed8cd-9ab7-44c8-9a84-9ecd20787ce2', 'en', 1, 'banner-img.jpg', 'public://2018-10/banner-img_2.jpg', 'image/jpeg', 144235, 1, 1539263231, 1539263302),
(37, '053bfb54-64d6-4b9e-92e9-45cf6f058feb', 'en', 1, 'icone-1.png', 'public://2018-10/icone-1_0.png', 'image/png', 2464, 1, 1539263434, 1539263712),
(38, 'e2502310-b517-4688-a3de-5a32f0b2ff96', 'en', 1, 'icone-2.png', 'public://2018-10/icone-2_0.png', 'image/png', 2536, 1, 1539263476, 1539263712),
(39, 'a3445bbd-c02e-4da4-bdbb-3222608dba39', 'en', 1, 'icone-3.png', 'public://2018-10/icone-3_0.png', 'image/png', 2600, 1, 1539263515, 1539263712),
(40, 'a9c5d766-f384-44dd-b453-c76ab73dcbf9', 'en', 1, 'icone-1.png', 'public://2018-10/icone-1_1.png', 'image/png', 2464, 1, 1539263586, 1539263712),
(41, '2d9e7288-3f47-47c6-bf9a-7416d1548aab', 'en', 1, 'icone-2.png', 'public://2018-10/icone-2_1.png', 'image/png', 2536, 1, 1539263638, 1539263712),
(42, '74740f8e-f182-4b40-9d91-dad41e8be414', 'en', 1, 'icone-3.png', 'public://2018-10/icone-3_1.png', 'image/png', 2600, 1, 1539263668, 1539263712),
(43, '0535e11f-0d4e-4c24-af7b-0a4f49e4a87a', 'en', 1, 'banner-img.jpg', 'public://2018-10/banner-img_3.jpg', 'image/jpeg', 144235, 1, 1539268464, 1539268489),
(44, '34ce2d66-81ec-4b9f-9ca0-d8473849a28a', 'en', 1, 'banner-img.jpg', 'public://2018-10/banner-img_4.jpg', 'image/jpeg', 144235, 1, 1539268633, 1539268682),
(45, '2f59eadd-5ba0-4732-ae65-11cf19a5befc', 'en', 1, 'banner-img.jpg', 'public://2018-10/banner-img_5.jpg', 'image/jpeg', 144235, 1, 1539268723, 1539268727),
(46, 'bc32ca35-b956-49ab-898e-38b89f8d7ec8', 'en', 1, 'banner-img.jpg', 'public://2018-10/banner-img_6.jpg', 'image/jpeg', 144235, 1, 1539268750, 1539268753),
(47, '83ffc33c-73c4-4389-8f6d-71a8cd1b16e5', 'en', 1, 'banner-img.jpg', 'public://2018-10/banner-img_7.jpg', 'image/jpeg', 144235, 1, 1539268884, 1539268910),
(48, '89a9b324-bdbd-4500-9823-30c4e8edd72b', 'en', 1, '1.jpg', 'public://2018-10/1.jpg', 'image/jpeg', 30416, 1, 1539268907, 1539268910),
(49, 'b562b4e2-ec5b-44bc-b05d-f34381a0dc55', 'en', 1, 'banner-img.jpg', 'public://2018-10/banner-img_8.jpg', 'image/jpeg', 144235, 1, 1539268927, 1539268940),
(50, 'b02bd88b-ef1a-4b62-b9f9-4c13354f7e18', 'en', 1, '2.jpg', 'public://2018-10/2.jpg', 'image/jpeg', 21177, 1, 1539268937, 1539268940),
(51, 'f6a14e26-2dde-4c91-813d-d3c3cefde274', 'en', 1, '3.jpg', 'public://2018-10/3.jpg', 'image/jpeg', 25855, 1, 1539268965, 1539268967),
(52, 'df250006-278b-4f81-8a2e-a6b183547ceb', 'en', 1, '4.jpg', 'public://2018-10/4.jpg', 'image/jpeg', 54178, 1, 1539268980, 1539268984),
(53, '1b153e8a-0dcc-4109-a23f-53c5c30a75f0', 'en', 1, '5.jpg', 'public://2018-10/5.jpg', 'image/jpeg', 24250, 1, 1539269000, 1539269003),
(54, '0115b245-dcd4-44dc-aff3-ea1cf0f2643c', 'en', 1, '6.jpg', 'public://2018-10/6.jpg', 'image/jpeg', 41323, 1, 1539269015, 1539269018),
(55, 'b3aa570d-7a13-402f-a0f3-b63effe6aa9a', 'en', 1, 'banner-img.jpg', 'public://2018-10/banner-img_9.jpg', 'image/jpeg', 144235, 1, 1539324606, 1539324650),
(56, '137bb18e-aedf-4d85-88a8-2855bde58a5e', 'en', 1, 'headway-537308-unsplash.jpg', 'public://2018-10/headway-537308-unsplash.jpg', 'image/jpeg', 5158451, 1, 1539328458, 1539328461),
(57, '04c4be8d-34b2-47d4-8bed-c38a5a038128', 'en', 1, 'razvan-chisu-623946-unsplash.jpg', 'public://2018-10/razvan-chisu-623946-unsplash.jpg', 'image/jpeg', 2153953, 1, 1539328572, 1539328574),
(58, 'cbdb3458-d465-42db-93b1-2614300f8cc9', 'en', 1, 'hunters-race-408744-unsplash.jpg', 'public://2018-10/hunters-race-408744-unsplash.jpg', 'image/jpeg', 1591693, 1, 1539328589, 1539328592),
(59, '500ccc89-7dfe-43a6-b629-e8a1d9f7bc27', 'en', 1, 'rawpixel-652547-unsplash.jpg', 'public://2018-10/rawpixel-652547-unsplash.jpg', 'image/jpeg', 1293444, 1, 1539328609, 1539328611),
(60, 'e0e26f4e-e1f3-4bb8-ab25-c2b137e7e4b0', 'en', 1, 'rawpixel-668346-unsplash.jpg', 'public://2018-10/rawpixel-668346-unsplash.jpg', 'image/jpeg', 1080103, 1, 1539328628, 1539328630),
(61, '8a1c425e-c998-447e-a947-2cf852394130', 'en', 1, 'rawpixel-678089-unsplash.jpg', 'public://2018-10/rawpixel-678089-unsplash.jpg', 'image/jpeg', 2030339, 1, 1539328648, 1539328650),
(62, '09aeb409-dab1-40dd-9d05-8273ce23d1a0', 'en', 1, 'rawpixel-684806-unsplash.jpg', 'public://2018-10/rawpixel-684806-unsplash.jpg', 'image/jpeg', 2095795, 1, 1539328876, 1539328879),
(63, 'cdafd507-1e3d-4b6f-8eca-74137084391c', 'en', 1, 'team-1.png', 'public://pictures/2018-10/team-1.png', 'image/png', 148868, 1, 1539333937, 1539333940);

-- --------------------------------------------------------

--
-- Table structure for table `file_usage`
--

CREATE TABLE IF NOT EXISTS `file_usage` (
  `fid` int(10) unsigned NOT NULL COMMENT 'File ID.',
  `module` varchar(50) CHARACTER SET ascii NOT NULL DEFAULT '' COMMENT 'The name of the module that is using the file.',
  `type` varchar(64) CHARACTER SET ascii NOT NULL DEFAULT '' COMMENT 'The name of the object type in which the file is used.',
  `id` varchar(64) CHARACTER SET ascii NOT NULL DEFAULT '0' COMMENT 'The primary key of the object using the file.',
  `count` int(10) unsigned NOT NULL DEFAULT '0' COMMENT 'The number of times this file is used by this object.',
  PRIMARY KEY (`fid`,`type`,`id`,`module`),
  KEY `type_id` (`type`,`id`),
  KEY `fid_count` (`fid`,`count`),
  KEY `fid_module` (`fid`,`module`)
) ENGINE=InnoDB DEFAULT CHARSET=utf8mb4 COMMENT='Track where a file is used.';

--
-- Dumping data for table `file_usage`
--

INSERT INTO `file_usage` (`fid`, `module`, `type`, `id`, `count`) VALUES
(1, 'file', 'paragraph', '1', 12),
(2, 'file', 'paragraph', '2', 11),
(3, 'file', 'paragraph', '3', 11),
(4, 'file', 'paragraph', '4', 11),
(5, 'file', 'paragraph', '5', 11),
(6, 'file', 'paragraph', '6', 11),
(8, 'file', 'paragraph', '8', 10),
(9, 'file', 'paragraph', '9', 10),
(10, 'file', 'paragraph', '10', 10),
(11, 'file', 'paragraph', '12', 8),
(12, 'file', 'paragraph', '13', 7),
(13, 'file', 'paragraph', '12', 5),
(16, 'file', 'node', '2', 2),
(17, 'file', 'node', '2', 2),
(18, 'file', 'node', '3', 2),
(19, 'file', 'node', '3', 2),
(20, 'file', 'node', '4', 2),
(21, 'file', 'node', '4', 2),
(22, 'editor', 'block_content', '1', 1),
(23, 'file', 'paragraph', '19', 13),
(24, 'file', 'paragraph', '21', 9),
(25, 'file', 'paragraph', '21', 9),
(26, 'file', 'paragraph', '22', 7),
(27, 'file', 'paragraph', '23', 6),
(28, 'file', 'paragraph', '25', 6),
(29, 'file', 'paragraph', '24', 5),
(30, 'file', 'paragraph', '28', 3),
(31, 'file', 'paragraph', '29', 2),
(32, 'file', 'paragraph', '30', 2),
(33, 'file', 'paragraph', '31', 2),
(34, 'file', 'paragraph', '32', 2),
(35, 'file', 'paragraph', '33', 2),
(36, 'file', 'paragraph', '35', 4),
(37, 'file', 'paragraph', '37', 3),
(38, 'file', 'paragraph', '38', 3),
(39, 'file', 'paragraph', '39', 3),
(40, 'file', 'paragraph', '40', 3),
(41, 'file', 'paragraph', '41', 3),
(42, 'file', 'paragraph', '42', 3),
(43, 'file', 'paragraph', '44', 4),
(44, 'file', 'paragraph', '45', 3),
(45, 'file', 'paragraph', '46', 3),
(46, 'file', 'paragraph', '47', 3),
(47, 'file', 'paragraph', '48', 3),
(48, 'file', 'node', '12', 1),
(49, 'file', 'paragraph', '49', 2),
(50, 'file', 'node', '13', 1),
(51, 'file', 'node', '8', 1),
(52, 'file', 'node', '9', 1),
(53, 'file', 'node', '10', 1),
(54, 'file', 'node', '11', 1),
(55, 'file', 'paragraph', '50', 3),
(56, 'file', 'node', '10', 1),
(57, 'file', 'node', '11', 1),
(58, 'file', 'node', '9', 1),
(59, 'file', 'node', '8', 1),
(60, 'file', 'node', '13', 1),
(61, 'file', 'node', '12', 1),
(62, 'file', 'node', '12', 1),
(63, 'file', 'user', '1', 1);

-- --------------------------------------------------------

--
-- Table structure for table `history`
--

CREATE TABLE IF NOT EXISTS `history` (
  `uid` int(11) NOT NULL DEFAULT '0' COMMENT 'The users.uid that read the node nid.',
  `nid` int(10) unsigned NOT NULL DEFAULT '0' COMMENT 'The node.nid that was read.',
  `timestamp` int(11) NOT NULL DEFAULT '0' COMMENT 'The Unix timestamp at which the read occurred.',
  PRIMARY KEY (`uid`,`nid`),
  KEY `nid` (`nid`)
) ENGINE=InnoDB DEFAULT CHARSET=utf8mb4 COMMENT='A record of which users have read which nodes.';

--
-- Dumping data for table `history`
--

INSERT INTO `history` (`uid`, `nid`, `timestamp`) VALUES
(1, 1, 1539877701),
(1, 5, 1539871440),
(1, 6, 1539871586),
(1, 7, 1539871475),
(1, 8, 1539268559),
(1, 9, 1539595772),
(1, 10, 1539328465),
(1, 11, 1539698007),
(1, 12, 1539595842),
(1, 13, 1539600540),
(1, 14, 1539871537);

-- --------------------------------------------------------

--
-- Table structure for table `key_value`
--

CREATE TABLE IF NOT EXISTS `key_value` (
  `collection` varchar(128) CHARACTER SET ascii NOT NULL DEFAULT '' COMMENT 'A named collection of key and value pairs.',
  `name` varchar(128) CHARACTER SET ascii NOT NULL DEFAULT '' COMMENT 'The key of the key-value pair. As KEY is a SQL reserved keyword, name was chosen instead.',
  `value` longblob NOT NULL COMMENT 'The value.',
  PRIMARY KEY (`collection`,`name`)
) ENGINE=InnoDB DEFAULT CHARSET=utf8mb4 COMMENT='Generic key-value storage table. See the state system for…';

--
-- Dumping data for table `key_value`
--

INSERT INTO `key_value` (`collection`, `name`, `value`) VALUES
('config.entity.key_store.action', 'uuid:289fa185-c22b-4584-85f7-ced68764ef0f', 0x613a313a7b693a303b733a33393a2273797374656d2e616374696f6e2e6e6f64655f6d616b655f756e737469636b795f616374696f6e223b7d),
('config.entity.key_store.action', 'uuid:2c720753-482b-459c-a4ef-e58ae900bb0a', 0x613a313a7b693a303b733a33363a2273797374656d2e616374696f6e2e757365725f626c6f636b5f757365725f616374696f6e223b7d),
('config.entity.key_store.action', 'uuid:2ed4e394-aaab-4391-ae2b-ce0ee96bd2ce', 0x613a313a7b693a303b733a33353a2273797374656d2e616374696f6e2e6e6f64655f756e70726f6d6f74655f616374696f6e223b7d),
('config.entity.key_store.action', 'uuid:3398e8e9-be6c-4dfc-9e67-5b8adf76c19a', 0x613a313a7b693a303b733a33333a2273797374656d2e616374696f6e2e6e6f64655f70726f6d6f74655f616374696f6e223b7d),
('config.entity.key_store.action', 'uuid:37faf584-fea0-4e77-980c-29879fbc911a', 0x613a313a7b693a303b733a35313a2273797374656d2e616374696f6e2e776562666f726d5f7375626d697373696f6e5f6d616b655f756e6c6f636b5f616374696f6e223b7d),
('config.entity.key_store.action', 'uuid:3da8a6ba-8451-4225-9bc5-48de632a1de6', 0x613a313a7b693a303b733a34363a2273797374656d2e616374696f6e2e776562666f726d5f7375626d697373696f6e5f64656c6574655f616374696f6e223b7d),
('config.entity.key_store.action', 'uuid:4f5e2b06-dd00-4087-9636-e03874f95b02', 0x613a313a7b693a303b733a33373a2273797374656d2e616374696f6e2e757365725f63616e63656c5f757365725f616374696f6e223b7d),
('config.entity.key_store.action', 'uuid:65e732f4-508d-4c8a-aeec-fe8a353d7b97', 0x613a313a7b693a303b733a33383a2273797374656d2e616374696f6e2e636f6d6d656e745f756e7075626c6973685f616374696f6e223b7d),
('config.entity.key_store.action', 'uuid:6e9fc70f-a225-47f2-a133-6f2f6b3c1aed', 0x613a313a7b693a303b733a35333a2273797374656d2e616374696f6e2e776562666f726d5f7375626d697373696f6e5f6d616b655f756e737469636b795f616374696f6e223b7d),
('config.entity.key_store.action', 'uuid:71706842-bd52-48a0-a17d-e5c190d484b7', 0x613a313a7b693a303b733a33333a2273797374656d2e616374696f6e2e636f6d6d656e745f736176655f616374696f6e223b7d),
('config.entity.key_store.action', 'uuid:775bcb51-6a71-46af-bbac-8ad15a0990ea', 0x613a313a7b693a303b733a35313a2273797374656d2e616374696f6e2e757365725f72656d6f76655f726f6c655f616374696f6e2e61646d696e6973747261746f72223b7d),
('config.entity.key_store.action', 'uuid:a0750e17-929b-4758-875b-d0231397b2fa', 0x613a313a7b693a303b733a33353a2273797374656d2e616374696f6e2e636f6d6d656e745f64656c6574655f616374696f6e223b7d),
('config.entity.key_store.action', 'uuid:a180c1a2-c189-43e5-99ed-17798ef68757', 0x613a313a7b693a303b733a33333a2273797374656d2e616374696f6e2e6e6f64655f7075626c6973685f616374696f6e223b7d),
('config.entity.key_store.action', 'uuid:a838480f-7555-4efb-abd6-df74de01d096', 0x613a313a7b693a303b733a33303a2273797374656d2e616374696f6e2e6e6f64655f736176655f616374696f6e223b7d),
('config.entity.key_store.action', 'uuid:ba037af6-7f6c-4ae6-bc8d-c355325a527d', 0x613a313a7b693a303b733a34393a2273797374656d2e616374696f6e2e776562666f726d5f7375626d697373696f6e5f6d616b655f6c6f636b5f616374696f6e223b7d),
('config.entity.key_store.action', 'uuid:cdf89e41-21ae-4024-be99-218dbbbc5570', 0x613a313a7b693a303b733a33363a2273797374656d2e616374696f6e2e636f6d6d656e745f7075626c6973685f616374696f6e223b7d),
('config.entity.key_store.action', 'uuid:d6b6469c-7eeb-44ef-b37d-50de89dd34ec', 0x613a313a7b693a303b733a33323a2273797374656d2e616374696f6e2e6e6f64655f64656c6574655f616374696f6e223b7d),
('config.entity.key_store.action', 'uuid:dd2dfc75-c071-4a2b-ac12-a75a3eca09c0', 0x613a313a7b693a303b733a33383a2273797374656d2e616374696f6e2e757365725f756e626c6f636b5f757365725f616374696f6e223b7d),
('config.entity.key_store.action', 'uuid:e7880cd6-3575-4ab4-91fc-2ccd7ad4e161', 0x613a313a7b693a303b733a33353a2273797374656d2e616374696f6e2e6e6f64655f756e7075626c6973685f616374696f6e223b7d),
('config.entity.key_store.action', 'uuid:e89b2948-52ac-4b61-8358-510b7b5a3300', 0x613a313a7b693a303b733a35313a2273797374656d2e616374696f6e2e776562666f726d5f7375626d697373696f6e5f6d616b655f737469636b795f616374696f6e223b7d),
('config.entity.key_store.action', 'uuid:f1452077-f971-45f5-83cb-385190663e5e', 0x613a313a7b693a303b733a33373a2273797374656d2e616374696f6e2e6e6f64655f6d616b655f737469636b795f616374696f6e223b7d),
('config.entity.key_store.action', 'uuid:f6a82818-ffa5-4638-8199-acfdb33d06b7', 0x613a313a7b693a303b733a34383a2273797374656d2e616374696f6e2e757365725f6164645f726f6c655f616374696f6e2e61646d696e6973747261746f72223b7d),
('config.entity.key_store.base_field_override', 'uuid:37673745-27e1-4759-820e-1b5c4521e009', 0x613a313a7b693a303b733a35303a22636f72652e626173655f6669656c645f6f766572726964652e6e6f64652e74657374696d6f6e69616c732e70726f6d6f7465223b7d),
('config.entity.key_store.base_field_override', 'uuid:658e6c31-7f0a-49c4-9b0d-15804f11db5f', 0x613a313a7b693a303b733a34323a22636f72652e626173655f6669656c645f6f766572726964652e6e6f64652e706167652e70726f6d6f7465223b7d),
('config.entity.key_store.base_field_override', 'uuid:f5678bb6-a56b-40fd-a378-8e16fa022fbc', 0x613a313a7b693a303b733a34353a22636f72652e626173655f6669656c645f6f766572726964652e6e6f64652e776562666f726d2e70726f6d6f7465223b7d),
('config.entity.key_store.block', 'theme:bartik', 0x613a31343a7b693a303b733a33323a22626c6f636b2e626c6f636b2e62617274696b5f6c6f63616c5f616374696f6e73223b693a313b733a33303a22626c6f636b2e626c6f636b2e62617274696b5f6c6f63616c5f7461736b73223b693a323b733a32393a22626c6f636b2e626c6f636b2e62617274696b5f706167655f7469746c65223b693a333b733a32333a22626c6f636b2e626c6f636b2e62617274696b5f68656c70223b693a343b733a32353a22626c6f636b2e626c6f636b2e62617274696b5f736561726368223b693a353b733a32363a22626c6f636b2e626c6f636b2e62617274696b5f706f7765726564223b693a363b733a32373a22626c6f636b2e626c6f636b2e62617274696b5f6d65737361676573223b693a373b733a32363a22626c6f636b2e626c6f636b2e62617274696b5f636f6e74656e74223b693a383b733a33303a22626c6f636b2e626c6f636b2e62617274696b5f62726561646372756d6273223b693a393b733a32373a22626c6f636b2e626c6f636b2e62617274696b5f6272616e64696e67223b693a31303b733a33313a22626c6f636b2e626c6f636b2e62617274696b5f6163636f756e745f6d656e75223b693a31313b733a32353a22626c6f636b2e626c6f636b2e62617274696b5f666f6f746572223b693a31323b733a32383a22626c6f636b2e626c6f636b2e62617274696b5f6d61696e5f6d656e75223b693a31333b733a32343a22626c6f636b2e626c6f636b2e62617274696b5f746f6f6c73223b7d),
('config.entity.key_store.block', 'theme:seven', 0x613a393a7b693a303b733a33393a22626c6f636b2e626c6f636b2e736576656e5f7365636f6e646172795f6c6f63616c5f7461736b73223b693a313b733a33373a22626c6f636b2e626c6f636b2e736576656e5f7072696d6172795f6c6f63616c5f7461736b73223b693a323b733a32383a22626c6f636b2e626c6f636b2e736576656e5f706167655f7469746c65223b693a333b733a33313a22626c6f636b2e626c6f636b2e736576656e5f6c6f63616c5f616374696f6e73223b693a343b733a32323a22626c6f636b2e626c6f636b2e736576656e5f68656c70223b693a353b733a32363a22626c6f636b2e626c6f636b2e736576656e5f6d65737361676573223b693a363b733a32353a22626c6f636b2e626c6f636b2e736576656e5f636f6e74656e74223b693a373b733a32393a22626c6f636b2e626c6f636b2e736576656e5f62726561646372756d6273223b693a383b733a32333a22626c6f636b2e626c6f636b2e736576656e5f6c6f67696e223b7d),
('config.entity.key_store.block', 'theme:yg_iconic', 0x613a31373a7b693a303b733a33343a22626c6f636b2e626c6f636b2e79675f69636f6e69635f6163636f756e745f6d656e75223b693a313b733a33303a22626c6f636b2e626c6f636b2e79675f69636f6e69635f6272616e64696e67223b693a323b733a33333a22626c6f636b2e626c6f636b2e79675f69636f6e69635f62726561646372756d6273223b693a333b733a32393a22626c6f636b2e626c6f636b2e79675f69636f6e69635f636f6e74656e74223b693a343b733a32383a22626c6f636b2e626c6f636b2e79675f69636f6e69635f666f6f746572223b693a353b733a32363a22626c6f636b2e626c6f636b2e79675f69636f6e69635f68656c70223b693a363b733a33353a22626c6f636b2e626c6f636b2e79675f69636f6e69635f6c6f63616c5f616374696f6e73223b693a373b733a33333a22626c6f636b2e626c6f636b2e79675f69636f6e69635f6c6f63616c5f7461736b73223b693a383b733a33313a22626c6f636b2e626c6f636b2e79675f69636f6e69635f6d61696e5f6d656e75223b693a393b733a33303a22626c6f636b2e626c6f636b2e79675f69636f6e69635f6d65737361676573223b693a31303b733a33323a22626c6f636b2e626c6f636b2e79675f69636f6e69635f706167655f7469746c65223b693a31313b733a32393a22626c6f636b2e626c6f636b2e79675f69636f6e69635f706f7765726564223b693a31323b733a32383a22626c6f636b2e626c6f636b2e79675f69636f6e69635f736561726368223b693a31333b733a32373a22626c6f636b2e626c6f636b2e79675f69636f6e69635f746f6f6c73223b693a31343b733a32333a22626c6f636b2e626c6f636b2e61626f7574666f6f746572223b693a31353b733a32353a22626c6f636b2e626c6f636b2e61626f7574666f6f7465725f32223b693a31363b733a32313a22626c6f636b2e626c6f636b2e706167657469746c65223b7d),
('config.entity.key_store.block', 'uuid:006d35a6-9e1b-4331-b693-4ff9f1d20583', 0x613a313a7b693a303b733a33313a22626c6f636b2e626c6f636b2e736576656e5f6c6f63616c5f616374696f6e73223b7d),
('config.entity.key_store.block', 'uuid:082d224a-6af7-4efc-af22-64bc523f6ff1', 0x613a313a7b693a303b733a32363a22626c6f636b2e626c6f636b2e62617274696b5f706f7765726564223b7d),
('config.entity.key_store.block', 'uuid:0b622211-c42e-4134-aecf-f9f76b4783d5', 0x613a313a7b693a303b733a33323a22626c6f636b2e626c6f636b2e79675f69636f6e69635f706167655f7469746c65223b7d),
('config.entity.key_store.block', 'uuid:10ba81f6-9689-4eff-bae1-24451b56d2ac', 0x613a313a7b693a303b733a33323a22626c6f636b2e626c6f636b2e62617274696b5f6c6f63616c5f616374696f6e73223b7d),
('config.entity.key_store.block', 'uuid:15fe95fc-14cc-49a7-863a-7116b6555d52', 0x613a313a7b693a303b733a32393a22626c6f636b2e626c6f636b2e79675f69636f6e69635f706f7765726564223b7d),
('config.entity.key_store.block', 'uuid:1d91af5a-c6a5-4d59-9789-457035f4e752', 0x613a313a7b693a303b733a32383a22626c6f636b2e626c6f636b2e79675f69636f6e69635f666f6f746572223b7d),
('config.entity.key_store.block', 'uuid:2079b8bc-75cb-430b-8dd6-a1ef3bd2be6b', 0x613a313a7b693a303b733a32313a22626c6f636b2e626c6f636b2e706167657469746c65223b7d),
('config.entity.key_store.block', 'uuid:2299c0f5-e5c6-4217-af37-03d8eae8556c', 0x613a313a7b693a303b733a32353a22626c6f636b2e626c6f636b2e736576656e5f636f6e74656e74223b7d),
('config.entity.key_store.block', 'uuid:23680c14-f1da-4936-8895-6bbe5eb98cd5', 0x613a313a7b693a303b733a33333a22626c6f636b2e626c6f636b2e79675f69636f6e69635f62726561646372756d6273223b7d),
('config.entity.key_store.block', 'uuid:237c6c0b-86e9-4c3d-89b1-2f8f67756387', 0x613a313a7b693a303b733a32343a22626c6f636b2e626c6f636b2e62617274696b5f746f6f6c73223b7d),
('config.entity.key_store.block', 'uuid:25637eac-c992-410d-9989-26b1209273cc', 0x613a313a7b693a303b733a32393a22626c6f636b2e626c6f636b2e62617274696b5f706167655f7469746c65223b7d),
('config.entity.key_store.block', 'uuid:317bec9c-cfd5-4449-908f-5c550b432b33', 0x613a313a7b693a303b733a32333a22626c6f636b2e626c6f636b2e61626f7574666f6f746572223b7d),
('config.entity.key_store.block', 'uuid:370d901b-faf3-4149-91e6-f6e1ade5bb15', 0x613a313a7b693a303b733a32353a22626c6f636b2e626c6f636b2e62617274696b5f736561726368223b7d),
('config.entity.key_store.block', 'uuid:3756e48d-0b20-4e7d-8b9f-1847f66794c7', 0x613a313a7b693a303b733a32333a22626c6f636b2e626c6f636b2e736576656e5f6c6f67696e223b7d),
('config.entity.key_store.block', 'uuid:3814ed99-92e9-40e1-9e24-4abec9427406', 0x613a313a7b693a303b733a32353a22626c6f636b2e626c6f636b2e61626f7574666f6f7465725f32223b7d),
('config.entity.key_store.block', 'uuid:3fff0de7-3c2c-4136-a831-448ec4ad145f', 0x613a313a7b693a303b733a32353a22626c6f636b2e626c6f636b2e62617274696b5f666f6f746572223b7d),
('config.entity.key_store.block', 'uuid:45402622-050f-4cb3-85ca-e5640fa5cbf9', 0x613a313a7b693a303b733a33353a22626c6f636b2e626c6f636b2e79675f69636f6e69635f6c6f63616c5f616374696f6e73223b7d),
('config.entity.key_store.block', 'uuid:609f8fe0-26d6-40c6-bdc8-6354ed1b1747', 0x613a313a7b693a303b733a32363a22626c6f636b2e626c6f636b2e736576656e5f6d65737361676573223b7d),
('config.entity.key_store.block', 'uuid:647839bd-e4c5-4466-bc77-781fbf388fb1', 0x613a313a7b693a303b733a32323a22626c6f636b2e626c6f636b2e736576656e5f68656c70223b7d),
('config.entity.key_store.block', 'uuid:7bf1a4a7-f22f-449a-b28f-6595ea3113cf', 0x613a313a7b693a303b733a32383a22626c6f636b2e626c6f636b2e736576656e5f706167655f7469746c65223b7d),
('config.entity.key_store.block', 'uuid:80f9275e-633b-413b-8bbc-d8a04aaa4c9d', 0x613a313a7b693a303b733a33343a22626c6f636b2e626c6f636b2e79675f69636f6e69635f6163636f756e745f6d656e75223b7d),
('config.entity.key_store.block', 'uuid:8fd9388f-9182-4dd8-b1b5-b1d473adaa3f', 0x613a313a7b693a303b733a33313a22626c6f636b2e626c6f636b2e79675f69636f6e69635f6d61696e5f6d656e75223b7d),
('config.entity.key_store.block', 'uuid:95f2d461-f05d-4e4d-b398-179f587a08dc', 0x613a313a7b693a303b733a33333a22626c6f636b2e626c6f636b2e79675f69636f6e69635f6c6f63616c5f7461736b73223b7d),
('config.entity.key_store.block', 'uuid:9b53ef28-eb4a-4162-8e66-52d6e08fb100', 0x613a313a7b693a303b733a33303a22626c6f636b2e626c6f636b2e79675f69636f6e69635f6d65737361676573223b7d),
('config.entity.key_store.block', 'uuid:a7362322-84da-40af-ba2c-166a49b25dd7', 0x613a313a7b693a303b733a33393a22626c6f636b2e626c6f636b2e736576656e5f7365636f6e646172795f6c6f63616c5f7461736b73223b7d),
('config.entity.key_store.block', 'uuid:a8b9f92e-a66f-417f-8f1a-394d833728df', 0x613a313a7b693a303b733a32383a22626c6f636b2e626c6f636b2e62617274696b5f6d61696e5f6d656e75223b7d),
('config.entity.key_store.block', 'uuid:a9c9a7ae-3da3-438a-85b5-eb566eaa0ab1', 0x613a313a7b693a303b733a33303a22626c6f636b2e626c6f636b2e62617274696b5f62726561646372756d6273223b7d),
('config.entity.key_store.block', 'uuid:b67d0066-cb05-4ebe-b13a-f38d707c56a7', 0x613a313a7b693a303b733a33303a22626c6f636b2e626c6f636b2e79675f69636f6e69635f6272616e64696e67223b7d),
('config.entity.key_store.block', 'uuid:ba595c47-2470-4cc4-bd5c-1dae56ea8d8b', 0x613a313a7b693a303b733a32373a22626c6f636b2e626c6f636b2e62617274696b5f6272616e64696e67223b7d),
('config.entity.key_store.block', 'uuid:c31099a0-5d83-4572-92a2-92892aabec84', 0x613a313a7b693a303b733a32373a22626c6f636b2e626c6f636b2e79675f69636f6e69635f746f6f6c73223b7d),
('config.entity.key_store.block', 'uuid:c497f51d-08e6-464f-a021-9ecb603162cd', 0x613a313a7b693a303b733a33303a22626c6f636b2e626c6f636b2e62617274696b5f6c6f63616c5f7461736b73223b7d),
('config.entity.key_store.block', 'uuid:c76054fb-fef2-4bc9-a31d-1a8f5f09a683', 0x613a313a7b693a303b733a32333a22626c6f636b2e626c6f636b2e62617274696b5f68656c70223b7d),
('config.entity.key_store.block', 'uuid:d422d169-0e2f-464f-aced-0f61284825d6', 0x613a313a7b693a303b733a32393a22626c6f636b2e626c6f636b2e79675f69636f6e69635f636f6e74656e74223b7d),
('config.entity.key_store.block', 'uuid:d86712ee-1ff2-45e2-ad52-5f5471fc1f05', 0x613a313a7b693a303b733a32363a22626c6f636b2e626c6f636b2e62617274696b5f636f6e74656e74223b7d),
('config.entity.key_store.block', 'uuid:da034a94-66ee-41fa-989d-6ed3df769a2f', 0x613a313a7b693a303b733a32373a22626c6f636b2e626c6f636b2e62617274696b5f6d65737361676573223b7d),
('config.entity.key_store.block', 'uuid:da1b34cb-7cae-4401-9620-ddc40b931861', 0x613a313a7b693a303b733a33373a22626c6f636b2e626c6f636b2e736576656e5f7072696d6172795f6c6f63616c5f7461736b73223b7d),
('config.entity.key_store.block', 'uuid:de0b6c9a-5af5-4b01-8380-5720064512f8', 0x613a313a7b693a303b733a32383a22626c6f636b2e626c6f636b2e79675f69636f6e69635f736561726368223b7d),
('config.entity.key_store.block', 'uuid:dea37fa1-85c5-4e56-9e86-1a4f286f7b3c', 0x613a313a7b693a303b733a33313a22626c6f636b2e626c6f636b2e62617274696b5f6163636f756e745f6d656e75223b7d),
('config.entity.key_store.block', 'uuid:ea50f293-afe8-478d-80af-d16e575812c7', 0x613a313a7b693a303b733a32363a22626c6f636b2e626c6f636b2e79675f69636f6e69635f68656c70223b7d),
('config.entity.key_store.block', 'uuid:fd9f73c3-1ad4-4052-a144-76e68ec1ed52', 0x613a313a7b693a303b733a32393a22626c6f636b2e626c6f636b2e736576656e5f62726561646372756d6273223b7d),
('config.entity.key_store.block_content_type', 'uuid:657d0dd8-0336-41cc-bfb0-3dc8ee70c35b', 0x613a313a7b693a303b733a32343a22626c6f636b5f636f6e74656e742e747970652e6261736963223b7d),
('config.entity.key_store.comment_type', 'uuid:4893ad6e-ac1a-4c36-a341-76953d7c287d', 0x613a313a7b693a303b733a32303a22636f6d6d656e742e747970652e636f6d6d656e74223b7d),
('config.entity.key_store.contact_form', 'uuid:6110bbe6-cdb0-4838-b57a-d71a185787e9', 0x613a313a7b693a303b733a32313a22636f6e746163742e666f726d2e706572736f6e616c223b7d),
('config.entity.key_store.contact_form', 'uuid:e2c63ac1-3cd0-4d04-9ce9-7ee3411a5761', 0x613a313a7b693a303b733a32313a22636f6e746163742e666f726d2e666565646261636b223b7d),
('config.entity.key_store.date_format', 'uuid:1fe7a5b4-2398-4106-b10a-b907ab3a0289', 0x613a313a7b693a303b733a32363a22636f72652e646174655f666f726d61742e68746d6c5f74696d65223b7d),
('config.entity.key_store.date_format', 'uuid:3574ecf8-edad-40dd-b33a-8d9d3af8027e', 0x613a313a7b693a303b733a32353a22636f72652e646174655f666f726d61742e66616c6c6261636b223b7d),
('config.entity.key_store.date_format', 'uuid:38277978-fb0e-40a5-88ce-13c9fc742a2c', 0x613a313a7b693a303b733a32363a22636f72652e646174655f666f726d61742e68746d6c5f79656172223b7d),
('config.entity.key_store.date_format', 'uuid:5c842dfb-b1ae-4888-ab67-4bb693c3c09b', 0x613a313a7b693a303b733a32363a22636f72652e646174655f666f726d61742e68746d6c5f7765656b223b7d),
('config.entity.key_store.date_format', 'uuid:695567f6-8426-450d-abe8-35211235a541', 0x613a313a7b693a303b733a33303a22636f72652e646174655f666f726d61742e68746d6c5f6461746574696d65223b7d),
('config.entity.key_store.date_format', 'uuid:74e9a760-823b-4696-9a33-bfa0b2a17265', 0x613a313a7b693a303b733a32373a22636f72652e646174655f666f726d61742e68746d6c5f6d6f6e7468223b7d),
('config.entity.key_store.date_format', 'uuid:77cbdd14-ed3b-4793-8064-717804872f87', 0x613a313a7b693a303b733a32363a22636f72652e646174655f666f726d61742e68746d6c5f64617465223b7d),
('config.entity.key_store.date_format', 'uuid:b993c0fb-0468-41bc-acc1-e1f590545cd6', 0x613a313a7b693a303b733a32333a22636f72652e646174655f666f726d61742e6d656469756d223b7d),
('config.entity.key_store.date_format', 'uuid:c195009d-ddc8-486b-9bfd-60d213952fb8', 0x613a313a7b693a303b733a32323a22636f72652e646174655f666f726d61742e73686f7274223b7d),
('config.entity.key_store.date_format', 'uuid:ddfc8c58-77a6-4868-ba23-ec04bf8d0419', 0x613a313a7b693a303b733a33353a22636f72652e646174655f666f726d61742e68746d6c5f796561726c6573735f64617465223b7d),
('config.entity.key_store.date_format', 'uuid:e90dc08c-d60a-4a9b-9feb-f2b6364fdb74', 0x613a313a7b693a303b733a32313a22636f72652e646174655f666f726d61742e6c6f6e67223b7d),
('config.entity.key_store.editor', 'uuid:392928eb-e37e-4226-81cb-3f83fc0ed18e', 0x613a313a7b693a303b733a32343a22656469746f722e656469746f722e62617369635f68746d6c223b7d),
('config.entity.key_store.editor', 'uuid:d379042e-40cf-42ee-a612-0eac225f35a2', 0x613a313a7b693a303b733a32333a22656469746f722e656469746f722e66756c6c5f68746d6c223b7d),
('config.entity.key_store.entity_form_display', 'uuid:02b1837c-4646-48eb-b4b6-5843d65b624b', 0x613a313a7b693a303b733a34383a22636f72652e656e746974795f666f726d5f646973706c61792e636f6d6d656e742e636f6d6d656e742e64656661756c74223b7d),
('config.entity.key_store.entity_form_display', 'uuid:09645bdd-f5d1-4d74-a8a3-84517039b2d4', 0x613a313a7b693a303b733a35303a22636f72652e656e746974795f666f726d5f646973706c61792e6e6f64652e74657374696d6f6e69616c732e64656661756c74223b7d),
('config.entity.key_store.entity_form_display', 'uuid:11205773-7b25-41ae-a7b0-17a4fc3c2817', 0x613a313a7b693a303b733a35323a22636f72652e656e746974795f666f726d5f646973706c61792e626c6f636b5f636f6e74656e742e62617369632e64656661756c74223b7d),
('config.entity.key_store.entity_form_display', 'uuid:1c34b2ff-3df7-4117-81a0-2481e78b27a6', 0x613a313a7b693a303b733a35303a22636f72652e656e746974795f666f726d5f646973706c61792e7061726167726170682e70726963696e672e64656661756c74223b7d),
('config.entity.key_store.entity_form_display', 'uuid:1d4e73a2-fd52-4e39-8f63-db12cbf571cd', 0x613a313a7b693a303b733a36383a22636f72652e656e746974795f666f726d5f646973706c61792e7061726167726170682e696d6167655f776974686f75745f766964656f5f706f7075702e64656661756c74223b7d),
('config.entity.key_store.entity_form_display', 'uuid:1d61b606-89c0-45d2-8b81-28e28aa8b6ef', 0x613a313a7b693a303b733a35353a22636f72652e656e746974795f666f726d5f646973706c61792e7061726167726170682e7465616d5f73656374696f6e2e64656661756c74223b7d),
('config.entity.key_store.entity_form_display', 'uuid:249a6a84-547a-4319-b939-38b06a164ba2', 0x613a313a7b693a303b733a34353a22636f72652e656e746974795f666f726d5f646973706c61792e6e6f64652e61727469636c652e64656661756c74223b7d),
('config.entity.key_store.entity_form_display', 'uuid:286534f7-a301-4f1c-8431-f93933a253de', 0x613a313a7b693a303b733a37353a22636f72652e656e746974795f666f726d5f646973706c61792e7061726167726170682e61626f75745f75735f696d6167655f776974686f75745f766964656f5f706f702e64656661756c74223b7d),
('config.entity.key_store.entity_form_display', 'uuid:2d8205c6-7b28-4ad8-beda-bf5a0096d8e0', 0x613a313a7b693a303b733a36303a22636f72652e656e746974795f666f726d5f646973706c61792e7061726167726170682e616e616c79746963735f73656374696f6e2e64656661756c74223b7d),
('config.entity.key_store.entity_form_display', 'uuid:2f456db2-c9d7-4160-af2e-b04b4d18cd45', 0x613a313a7b693a303b733a34323a22636f72652e656e746974795f666f726d5f646973706c61792e6e6f64652e626c6f672e64656661756c74223b7d),
('config.entity.key_store.entity_form_display', 'uuid:30d2b0d9-1ab3-4383-b9cf-b4b9db667517', 0x613a313a7b693a303b733a34323a22636f72652e656e746974795f666f726d5f646973706c61792e6e6f64652e706167652e64656661756c74223b7d),
('config.entity.key_store.entity_form_display', 'uuid:38f925f5-8421-41e1-a97e-e0ac2b0c9f5c', 0x613a313a7b693a303b733a35303a22636f72652e656e746974795f666f726d5f646973706c61792e7061726167726170682e636c69656e74732e64656661756c74223b7d),
('config.entity.key_store.entity_form_display', 'uuid:441ee59d-036c-4512-ad05-71e1b9d23d8a', 0x613a313a7b693a303b733a34353a22636f72652e656e746974795f666f726d5f646973706c61792e6e6f64652e776562666f726d2e64656661756c74223b7d),
('config.entity.key_store.entity_form_display', 'uuid:7dd0ac21-a017-4f56-8160-a39d8bb4559c', 0x613a313a7b693a303b733a35323a22636f72652e656e746974795f666f726d5f646973706c61792e7061726167726170682e616e616c79746963732e64656661756c74223b7d),
('config.entity.key_store.entity_form_display', 'uuid:9859440a-ef91-4259-8e5b-8e4e89cb661f', 0x613a313a7b693a303b733a35383a22636f72652e656e746974795f666f726d5f646973706c61792e7061726167726170682e636c69656e74735f73656374696f6e2e64656661756c74223b7d),
('config.entity.key_store.entity_form_display', 'uuid:9a9da08e-5812-490c-8e47-2248546fd105', 0x613a313a7b693a303b733a34393a22636f72652e656e746974795f666f726d5f646973706c61792e7061726167726170682e62616e6e65722e64656661756c74223b7d),
('config.entity.key_store.entity_form_display', 'uuid:b4f351b4-60c9-4236-abc4-29adc4312a44', 0x613a313a7b693a303b733a36353a22636f72652e656e746974795f666f726d5f646973706c61792e7061726167726170682e696d6167655f776974685f766964656f5f706f7075702e64656661756c74223b7d),
('config.entity.key_store.entity_form_display', 'uuid:ba019bc7-729f-4461-8866-a0b8fb6a9f57', 0x613a313a7b693a303b733a34323a22636f72652e656e746974795f666f726d5f646973706c61792e757365722e757365722e64656661756c74223b7d),
('config.entity.key_store.entity_form_display', 'uuid:c00d70a2-6b7c-4bd8-9fde-725d66852c1d', 0x613a313a7b693a303b733a35383a22636f72652e656e746974795f666f726d5f646973706c61792e7061726167726170682e70726963696e675f73656374696f6e2e64656661756c74223b7d),
('config.entity.key_store.entity_form_display', 'uuid:c94a3a06-a782-4888-a83e-1244f6817067', 0x613a313a7b693a303b733a36313a22636f72652e656e746974795f666f726d5f646973706c61792e7061726167726170682e636f6e746163745f75735f73656374696f6e2e64656661756c74223b7d),
('config.entity.key_store.entity_form_display', 'uuid:c9add860-9f5b-4103-8210-43c71d50e7b7', 0x613a313a7b693a303b733a36353a22636f72652e656e746974795f666f726d5f646973706c61792e7061726167726170682e766965775f7265666572656e63655f73656374696f6e2e64656661756c74223b7d),
('config.entity.key_store.entity_form_display', 'uuid:d7b3e97e-fecd-472b-ba6c-1c259175fa6e', 0x613a313a7b693a303b733a35383a22636f72652e656e746974795f666f726d5f646973706c61792e7061726167726170682e736572766963655f73656374696f6e2e64656661756c74223b7d),
('config.entity.key_store.entity_form_display', 'uuid:ebf1bc0c-080d-4c30-8534-e9cf77853bea', 0x613a313a7b693a303b733a35393a22636f72652e656e746974795f666f726d5f646973706c61792e7061726167726170682e61626f75745f75735f73656374696f6e2e64656661756c74223b7d),
('config.entity.key_store.entity_form_display', 'uuid:f043bccf-fa43-4c2b-9832-caeba44f0588', 0x613a313a7b693a303b733a35343a22636f72652e656e746974795f666f726d5f646973706c61792e7061726167726170682e7465616d5f6d656d6265722e64656661756c74223b7d),
('config.entity.key_store.entity_form_display', 'uuid:f82eaa5a-1b16-4787-b093-b4d8e1ce1fcb', 0x613a313a7b693a303b733a37343a22636f72652e656e746974795f666f726d5f646973706c61792e7061726167726170682e61626f75745f75735f696d6167655f776974685f766964656f5f706f7075702e64656661756c74223b7d),
('config.entity.key_store.entity_form_mode', 'uuid:fdd13155-731c-4de3-9b74-fa501e2859a6', 0x613a313a7b693a303b733a33353a22636f72652e656e746974795f666f726d5f6d6f64652e757365722e7265676973746572223b7d),
('config.entity.key_store.entity_view_display', 'uuid:09681116-221e-45e0-acfb-8261caf499b1', 0x613a313a7b693a303b733a35383a22636f72652e656e746974795f766965775f646973706c61792e7061726167726170682e636c69656e74735f73656374696f6e2e64656661756c74223b7d),
('config.entity.key_store.entity_view_display', 'uuid:0d87da70-6676-4a5a-bc14-2b7ecf94152d', 0x613a313a7b693a303b733a35393a22636f72652e656e746974795f766965775f646973706c61792e7061726167726170682e61626f75745f75735f73656374696f6e2e64656661756c74223b7d),
('config.entity.key_store.entity_view_display', 'uuid:138591b5-b668-4564-a470-ad7b1c099ba2', 0x613a313a7b693a303b733a34323a22636f72652e656e746974795f766965775f646973706c61792e6e6f64652e626c6f672e64656661756c74223b7d),
('config.entity.key_store.entity_view_display', 'uuid:14c34f9a-c490-4d99-a0c5-e2fa0c96b638', 0x613a313a7b693a303b733a34323a22636f72652e656e746974795f766965775f646973706c61792e6e6f64652e706167652e64656661756c74223b7d),
('config.entity.key_store.entity_view_display', 'uuid:16cf8f61-0d8d-4886-9838-25e7c829a9f1', 0x613a313a7b693a303b733a36303a22636f72652e656e746974795f766965775f646973706c61792e7061726167726170682e616e616c79746963735f73656374696f6e2e64656661756c74223b7d),
('config.entity.key_store.entity_view_display', 'uuid:19ffd8e3-b59c-4bad-88ce-39b0bd068b07', 0x613a313a7b693a303b733a34383a22636f72652e656e746974795f766965775f646973706c61792e636f6d6d656e742e636f6d6d656e742e64656661756c74223b7d),
('config.entity.key_store.entity_view_display', 'uuid:237ec659-68b6-4753-bd04-655577d7a6b1', 0x613a313a7b693a303b733a35303a22636f72652e656e746974795f766965775f646973706c61792e6e6f64652e74657374696d6f6e69616c732e64656661756c74223b7d),
('config.entity.key_store.entity_view_display', 'uuid:366f2a5b-3fcc-43cd-9451-e12fff41dc80', 0x613a313a7b693a303b733a36313a22636f72652e656e746974795f766965775f646973706c61792e7061726167726170682e636f6e746163745f75735f73656374696f6e2e64656661756c74223b7d),
('config.entity.key_store.entity_view_display', 'uuid:3bd8cdae-1128-4390-b48d-b1046c48608a', 0x613a313a7b693a303b733a35383a22636f72652e656e746974795f766965775f646973706c61792e7061726167726170682e736572766963655f73656374696f6e2e64656661756c74223b7d),
('config.entity.key_store.entity_view_display', 'uuid:42d93fbc-3483-4339-9047-1aed1384dcc0', 0x613a313a7b693a303b733a36383a22636f72652e656e746974795f766965775f646973706c61792e7061726167726170682e696d6167655f776974686f75745f766964656f5f706f7075702e64656661756c74223b7d),
('config.entity.key_store.entity_view_display', 'uuid:441122dc-3e16-44ec-b380-5680b4c3be34', 0x613a313a7b693a303b733a34343a22636f72652e656e746974795f766965775f646973706c61792e6e6f64652e776562666f726d2e746561736572223b7d),
('config.entity.key_store.entity_view_display', 'uuid:5567834b-eb0b-460d-b1cd-5338af2347c2', 0x613a313a7b693a303b733a35353a22636f72652e656e746974795f766965775f646973706c61792e7061726167726170682e7465616d5f73656374696f6e2e64656661756c74223b7d),
('config.entity.key_store.entity_view_display', 'uuid:564c5c03-83f2-4525-be64-d10f543ff326', 0x613a313a7b693a303b733a34313a22636f72652e656e746974795f766965775f646973706c61792e6e6f64652e61727469636c652e727373223b7d),
('config.entity.key_store.entity_view_display', 'uuid:6dca1d50-b041-4495-8031-cf8e0cc039d6', 0x613a313a7b693a303b733a37353a22636f72652e656e746974795f766965775f646973706c61792e7061726167726170682e61626f75745f75735f696d6167655f776974686f75745f766964656f5f706f702e64656661756c74223b7d),
('config.entity.key_store.entity_view_display', 'uuid:779dc2c4-573f-4ccf-947e-a48e94f889d0', 0x613a313a7b693a303b733a34323a22636f72652e656e746974795f766965775f646973706c61792e757365722e757365722e636f6d70616374223b7d),
('config.entity.key_store.entity_view_display', 'uuid:880688b7-e448-41c2-980f-f82b1e02dd79', 0x613a313a7b693a303b733a36353a22636f72652e656e746974795f766965775f646973706c61792e7061726167726170682e766965775f7265666572656e63655f73656374696f6e2e64656661756c74223b7d),
('config.entity.key_store.entity_view_display', 'uuid:8a5bf86a-8395-447b-9c36-76feffe64636', 0x613a313a7b693a303b733a35303a22636f72652e656e746974795f766965775f646973706c61792e7061726167726170682e70726963696e672e64656661756c74223b7d),
('config.entity.key_store.entity_view_display', 'uuid:8ed16c0a-c559-4070-8706-6eeb18d4bce8', 0x613a313a7b693a303b733a35303a22636f72652e656e746974795f766965775f646973706c61792e7061726167726170682e636c69656e74732e64656661756c74223b7d),
('config.entity.key_store.entity_view_display', 'uuid:900953f8-edfe-4597-8f63-f77d421c9237', 0x613a313a7b693a303b733a35343a22636f72652e656e746974795f766965775f646973706c61792e7061726167726170682e7465616d5f6d656d6265722e64656661756c74223b7d),
('config.entity.key_store.entity_view_display', 'uuid:9a7a630f-85b2-4147-87ca-b69c70eeebe9', 0x613a313a7b693a303b733a34313a22636f72652e656e746974795f766965775f646973706c61792e6e6f64652e626c6f672e746561736572223b7d),
('config.entity.key_store.entity_view_display', 'uuid:9feb3138-999c-4aef-b3af-26929b8d09f5', 0x613a313a7b693a303b733a34343a22636f72652e656e746974795f766965775f646973706c61792e6e6f64652e61727469636c652e746561736572223b7d),
('config.entity.key_store.entity_view_display', 'uuid:a9c5fcd6-eded-4fac-840b-d4900e951201', 0x613a313a7b693a303b733a36353a22636f72652e656e746974795f766965775f646973706c61792e7061726167726170682e696d6167655f776974685f766964656f5f706f7075702e64656661756c74223b7d),
('config.entity.key_store.entity_view_display', 'uuid:aed1f781-f272-4ada-9208-7178de308030', 0x613a313a7b693a303b733a34323a22636f72652e656e746974795f766965775f646973706c61792e757365722e757365722e64656661756c74223b7d),
('config.entity.key_store.entity_view_display', 'uuid:b3edf6ba-bcd5-4c91-b109-303c6091c5c7', 0x613a313a7b693a303b733a37343a22636f72652e656e746974795f766965775f646973706c61792e7061726167726170682e61626f75745f75735f696d6167655f776974685f766964656f5f706f7075702e64656661756c74223b7d),
('config.entity.key_store.entity_view_display', 'uuid:b9170753-5959-4251-a3b6-ce94b2b8e24e', 0x613a313a7b693a303b733a34353a22636f72652e656e746974795f766965775f646973706c61792e6e6f64652e61727469636c652e64656661756c74223b7d),
('config.entity.key_store.entity_view_display', 'uuid:c4f7fa95-c1ca-4153-88ce-e836623c2af9', 0x613a313a7b693a303b733a35383a22636f72652e656e746974795f766965775f646973706c61792e7061726167726170682e70726963696e675f73656374696f6e2e64656661756c74223b7d),
('config.entity.key_store.entity_view_display', 'uuid:cb10ea9f-f52c-4126-a1c9-f1a20fa225de', 0x613a313a7b693a303b733a35323a22636f72652e656e746974795f766965775f646973706c61792e7061726167726170682e616e616c79746963732e64656661756c74223b7d),
('config.entity.key_store.entity_view_display', 'uuid:ce7f1bc3-0b10-4b26-9b45-f4d9340a7f15', 0x613a313a7b693a303b733a34393a22636f72652e656e746974795f766965775f646973706c61792e6e6f64652e74657374696d6f6e69616c732e746561736572223b7d),
('config.entity.key_store.entity_view_display', 'uuid:d4a78554-61f2-4286-bbaa-d92d58ad7ea3', 0x613a313a7b693a303b733a34353a22636f72652e656e746974795f766965775f646973706c61792e6e6f64652e776562666f726d2e64656661756c74223b7d),
('config.entity.key_store.entity_view_display', 'uuid:d4dee8e3-adae-41fe-9c73-e87d097466a3', 0x613a313a7b693a303b733a34393a22636f72652e656e746974795f766965775f646973706c61792e7061726167726170682e62616e6e65722e64656661756c74223b7d),
('config.entity.key_store.entity_view_display', 'uuid:e1b67f1f-c86f-40a6-8326-f77b626ea2eb', 0x613a313a7b693a303b733a34313a22636f72652e656e746974795f766965775f646973706c61792e6e6f64652e706167652e746561736572223b7d),
('config.entity.key_store.entity_view_display', 'uuid:e833ad72-0c1d-42db-9653-ccf2ea62aa48', 0x613a313a7b693a303b733a35323a22636f72652e656e746974795f766965775f646973706c61792e626c6f636b5f636f6e74656e742e62617369632e64656661756c74223b7d),
('config.entity.key_store.entity_view_mode', 'uuid:03b6c745-9f17-4431-9c7b-78f0ba9c4192', 0x613a313a7b693a303b733a33393a22636f72652e656e746974795f766965775f6d6f64652e6e6f64652e7365617263685f696e646578223b7d),
('config.entity.key_store.entity_view_mode', 'uuid:0ea1259d-7c5a-4619-a615-4d3455016ae2', 0x613a313a7b693a303b733a33313a22636f72652e656e746974795f766965775f6d6f64652e757365722e66756c6c223b7d),
('config.entity.key_store.entity_view_mode', 'uuid:1916d31e-3964-4642-87f0-604e64cf9d2e', 0x613a313a7b693a303b733a33303a22636f72652e656e746974795f766965775f6d6f64652e6e6f64652e727373223b7d),
('config.entity.key_store.entity_view_mode', 'uuid:2b4279cd-12d1-4182-9dbc-a2f51359b9e3', 0x613a313a7b693a303b733a33343a22636f72652e656e746974795f766965775f6d6f64652e636f6d6d656e742e66756c6c223b7d),
('config.entity.key_store.entity_view_mode', 'uuid:2feb2ab3-deb5-479f-807b-ce54e0bc2241', 0x613a313a7b693a303b733a34303a22636f72652e656e746974795f766965775f6d6f64652e6e6f64652e7365617263685f726573756c74223b7d),
('config.entity.key_store.entity_view_mode', 'uuid:3f929652-cb09-41b4-a07d-6918c8e2ce4a', 0x613a313a7b693a303b733a34303a22636f72652e656e746974795f766965775f6d6f64652e626c6f636b5f636f6e74656e742e66756c6c223b7d),
('config.entity.key_store.entity_view_mode', 'uuid:576e26ed-5cb0-4c69-928e-20ac4e367957', 0x613a313a7b693a303b733a33313a22636f72652e656e746974795f766965775f6d6f64652e6e6f64652e66756c6c223b7d),
('config.entity.key_store.entity_view_mode', 'uuid:688f0281-f5ce-40a6-a0f9-ebab3e1175b1', 0x613a313a7b693a303b733a33343a22636f72652e656e746974795f766965775f6d6f64652e757365722e636f6d70616374223b7d),
('config.entity.key_store.entity_view_mode', 'uuid:9e576eed-c2f4-4df7-af4c-00348b026373', 0x613a313a7b693a303b733a33333a22636f72652e656e746974795f766965775f6d6f64652e6e6f64652e746561736572223b7d),
('config.entity.key_store.entity_view_mode', 'uuid:bbc2a1e7-c335-45aa-9212-dad4b89f51c3', 0x613a313a7b693a303b733a33393a22636f72652e656e746974795f766965775f6d6f64652e7061726167726170682e70726576696577223b7d),
('config.entity.key_store.entity_view_mode', 'uuid:d251fb8d-84e1-4e8b-8e64-941c7c57062d', 0x613a313a7b693a303b733a34303a22636f72652e656e746974795f766965775f6d6f64652e7461786f6e6f6d795f7465726d2e66756c6c223b7d),
('config.entity.key_store.field_config', 'uuid:00e006cd-629e-4f78-bc1e-ea2133b6b325', 0x613a313a7b693a303b733a34373a226669656c642e6669656c642e7061726167726170682e62616e6e65722e6669656c645f62616e6e65725f696d616765223b7d),
('config.entity.key_store.field_config', 'uuid:0174b484-ae37-4b9b-b7f4-3388531243bc', 0x613a313a7b693a303b733a33343a226669656c642e6669656c642e757365722e757365722e757365725f70696374757265223b7d),
('config.entity.key_store.field_config', 'uuid:028477fc-686e-44e5-b555-6add5e77036c', 0x613a313a7b693a303b733a34393a226669656c642e6669656c642e7061726167726170682e616e616c79746963732e6669656c645f6465736372697074696f6e223b7d),
('config.entity.key_store.field_config', 'uuid:0dd6413a-e6ac-42ff-9161-85dd097bc118', 0x613a313a7b693a303b733a35323a226669656c642e6669656c642e7061726167726170682e7465616d5f6d656d6265722e6669656c645f66616365626f6f6b5f75726c223b7d),
('config.entity.key_store.field_config', 'uuid:0f0f23d8-03af-4865-853b-97c59375974f', 0x613a313a7b693a303b733a36333a226669656c642e6669656c642e7061726167726170682e696d6167655f776974685f766964656f5f706f7075702e6669656c645f62616e6e65725f696d616765223b7d),
('config.entity.key_store.field_config', 'uuid:0fa8eea8-ebca-4fe3-af13-ac70910f75e7', 0x613a313a7b693a303b733a35303a226669656c642e6669656c642e7061726167726170682e616e616c79746963732e6669656c645f62616e6e65725f696d616765223b7d),
('config.entity.key_store.field_config', 'uuid:11835eab-56dd-4439-abce-a0e53d0abda9', 0x613a313a7b693a303b733a34373a226669656c642e6669656c642e7061726167726170682e70726963696e672e6669656c645f627574746f6e5f6c696e6b223b7d),
('config.entity.key_store.field_config', 'uuid:161afa78-4fa6-4743-b1ba-97d7ea248198', 0x613a313a7b693a303b733a36393a226669656c642e6669656c642e7061726167726170682e61626f75745f75735f696d6167655f776974685f766964656f5f706f7075702e6669656c645f7375625f7469746c65223b7d),
('config.entity.key_store.field_config', 'uuid:1e5eb819-35c9-44f6-8f44-f3e34704b73f', 0x613a313a7b693a303b733a36323a226669656c642e6669656c642e7061726167726170682e696d6167655f776974685f766964656f5f706f7075702e6669656c645f6465736372697074696f6e223b7d),
('config.entity.key_store.field_config', 'uuid:1e8ba43b-f77d-4539-a3bc-78ab2d299616', 0x613a313a7b693a303b733a36363a226669656c642e6669656c642e7061726167726170682e61626f75745f75735f696d6167655f776974686f75745f766964656f5f706f702e6669656c645f7469746c65223b7d),
('config.entity.key_store.field_config', 'uuid:1eb7b2c3-b1c6-477f-bd0a-ec349f04b97f', 0x613a313a7b693a303b733a36353a226669656c642e6669656c642e7061726167726170682e696d6167655f776974686f75745f766964656f5f706f7075702e6669656c645f6465736372697074696f6e223b7d),
('config.entity.key_store.field_config', 'uuid:1f294227-d611-4be1-b9a3-e6ff6644ca11', 0x613a313a7b693a303b733a35323a226669656c642e6669656c642e7061726167726170682e736572766963655f73656374696f6e2e6669656c645f7365727669636573223b7d),
('config.entity.key_store.field_config', 'uuid:222c28ec-b87f-4bdc-98a3-5b26617c3eda', 0x613a313a7b693a303b733a34373a226669656c642e6669656c642e7061726167726170682e70726963696e672e6669656c645f70726963696e675f706572223b7d),
('config.entity.key_store.field_config', 'uuid:23c96e9f-4801-4d19-b95b-2eb73a8710f0', 0x613a313a7b693a303b733a36393a226669656c642e6669656c642e7061726167726170682e61626f75745f75735f696d6167655f776974685f766964656f5f706f7075702e6669656c645f766964656f5f75726c223b7d),
('config.entity.key_store.field_config', 'uuid:2510ba0c-6cfe-402d-859b-ef6a62b1d8d6', 0x613a313a7b693a303b733a36353a226669656c642e6669656c642e7061726167726170682e61626f75745f75735f696d6167655f776974685f766964656f5f706f7075702e6669656c645f7469746c65223b7d),
('config.entity.key_store.field_config', 'uuid:26a09a30-b7c0-4c61-9dd0-f0986a686cb6', 0x613a313a7b693a303b733a34353a226669656c642e6669656c642e7061726167726170682e7465616d5f6d656d6265722e6669656c645f7469746c65223b7d),
('config.entity.key_store.field_config', 'uuid:26a42672-7840-45f0-b287-cae1346ef77a', 0x613a313a7b693a303b733a34333a226669656c642e6669656c642e7061726167726170682e616e616c79746963732e6669656c645f7469746c65223b7d),
('config.entity.key_store.field_config', 'uuid:2a49f27b-4405-45ca-a573-da5cd796074b', 0x613a313a7b693a303b733a37333a226669656c642e6669656c642e7061726167726170682e61626f75745f75735f696d6167655f776974686f75745f766964656f5f706f702e6669656c645f62616e6e65725f696d616765223b7d),
('config.entity.key_store.field_config', 'uuid:2b3dd0b6-6696-4d4b-a981-a16eac616c41', 0x613a313a7b693a303b733a32393a226669656c642e6669656c642e6e6f64652e61727469636c652e626f6479223b7d),
('config.entity.key_store.field_config', 'uuid:2f2c73ec-5b8e-44e8-944e-dfecc4df7c37', 0x613a313a7b693a303b733a33363a226669656c642e6669656c642e6e6f64652e61727469636c652e6669656c645f696d616765223b7d),
('config.entity.key_store.field_config', 'uuid:325639e7-3f35-41e5-933d-5c5626603645', 0x613a313a7b693a303b733a35353a226669656c642e6669656c642e7061726167726170682e616e616c79746963735f73656374696f6e2e6669656c645f616e616c7974696373223b7d),
('config.entity.key_store.field_config', 'uuid:3928389e-9b21-471e-b441-21a0e6c2c913', 0x613a313a7b693a303b733a35323a226669656c642e6669656c642e7061726167726170682e70726963696e675f73656374696f6e2e6669656c645f70726963696e6773223b7d),
('config.entity.key_store.field_config', 'uuid:3d57b3f4-945f-4204-9d20-c84816e6a99c', 0x613a313a7b693a303b733a33333a226669656c642e6669656c642e6e6f64652e626c6f672e6669656c645f696d616765223b7d),
('config.entity.key_store.field_config', 'uuid:40295a90-05e2-4d85-b445-52c99cc72659', 0x613a313a7b693a303b733a33323a226669656c642e6669656c642e6e6f64652e776562666f726d2e776562666f726d223b7d),
('config.entity.key_store.field_config', 'uuid:4092d52d-2db1-472b-8215-e55a354eb46b', 0x613a313a7b693a303b733a34393a226669656c642e6669656c642e7061726167726170682e736572766963655f73656374696f6e2e6669656c645f7469746c65223b7d),
('config.entity.key_store.field_config', 'uuid:40e3d007-a5a0-44a7-9828-13af340ef06f', 0x613a313a7b693a303b733a35353a226669656c642e6669656c642e7061726167726170682e766965775f7265666572656e63655f73656374696f6e2e6669656c645f76696577223b7d),
('config.entity.key_store.field_config', 'uuid:4674be6c-9c1e-4d3f-944b-fd2c93f66be4', 0x613a313a7b693a303b733a34363a226669656c642e6669656c642e7061726167726170682e7465616d5f73656374696f6e2e6669656c645f7469746c65223b7d),
('config.entity.key_store.field_config', 'uuid:4a859d7a-f3dd-4241-9ca7-ca1599943be7', 0x613a313a7b693a303b733a34393a226669656c642e6669656c642e7061726167726170682e61626f75745f75735f73656374696f6e2e6669656c645f626f6479223b7d),
('config.entity.key_store.field_config', 'uuid:50ba700b-89be-42df-899f-a7993f1cf0e6', 0x613a313a7b693a303b733a32363a226669656c642e6669656c642e6e6f64652e626c6f672e626f6479223b7d),
('config.entity.key_store.field_config', 'uuid:558c7e12-5533-4553-a332-e53ee62fc9d1', 0x613a313a7b693a303b733a35363a226669656c642e6669656c642e7061726167726170682e636f6e746163745f75735f73656374696f6e2e6669656c645f766964656f5f75726c223b7d),
('config.entity.key_store.field_config', 'uuid:55daf0ce-d1ed-4e9d-b4cc-95334c76940a', 0x613a313a7b693a303b733a35363a226669656c642e6669656c642e7061726167726170682e636f6e746163745f75735f73656374696f6e2e6669656c645f7375625f7469746c65223b7d),
('config.entity.key_store.field_config', 'uuid:566aaea7-23ab-4c72-8d72-76d771c8ac7d', 0x613a313a7b693a303b733a35333a226669656c642e6669656c642e7061726167726170682e7465616d5f73656374696f6e2e6669656c645f7465616d5f6d656d62657273223b7d),
('config.entity.key_store.field_config', 'uuid:57eafd85-72ef-4848-9c2e-38f415691556', 0x613a313a7b693a303b733a36353a226669656c642e6669656c642e7061726167726170682e696d6167655f776974686f75745f766964656f5f706f7075702e6669656c645f627574746f6e5f6c696e6b223b7d),
('config.entity.key_store.field_config', 'uuid:59623a52-0a45-4500-97d9-f4778db30176', 0x613a313a7b693a303b733a35343a226669656c642e6669656c642e7061726167726170682e636f6e746163745f75735f73656374696f6e2e6669656c645f61646472657373223b7d),
('config.entity.key_store.field_config', 'uuid:635c929b-d1b9-4b73-bf0f-1aa68eeb7bda', 0x613a313a7b693a303b733a33363a226669656c642e6669656c642e6e6f64652e626c6f672e6669656c645f636f6d6d656e7473223b7d),
('config.entity.key_store.field_config', 'uuid:681d0e89-172b-41c0-b3f1-f5ab13d6f026', 0x613a313a7b693a303b733a35313a226669656c642e6669656c642e7061726167726170682e70726963696e672e6669656c645f7061636b6167655f64657461696c73223b7d),
('config.entity.key_store.field_config', 'uuid:69e720ba-64d3-4fc4-9c36-9dfe6ce8ccc7', 0x613a313a7b693a303b733a37353a226669656c642e6669656c642e7061726167726170682e61626f75745f75735f696d6167655f776974685f766964656f5f706f7075702e6669656c645f766964656f5f706c61795f69636f6e223b7d),
('config.entity.key_store.field_config', 'uuid:6c869c7a-46d8-4533-9101-a50217e06d81', 0x613a313a7b693a303b733a36323a226669656c642e6669656c642e7061726167726170682e636f6e746163745f75735f73656374696f6e2e6669656c645f7061636b6167655f64657461696c73223b7d),
('config.entity.key_store.field_config', 'uuid:6cd8bd50-11e5-48e9-9a3f-d4df7fa8bc14', 0x613a313a7b693a303b733a36353a226669656c642e6669656c642e7061726167726170682e61626f75745f75735f696d6167655f776974686f75745f766964656f5f706f702e6669656c645f626f6479223b7d),
('config.entity.key_store.field_config', 'uuid:7028eb90-92aa-4e2a-9947-dd39edfa7552', 0x613a313a7b693a303b733a37343a226669656c642e6669656c642e7061726167726170682e61626f75745f75735f696d6167655f776974686f75745f766964656f5f706f702e6669656c645f7061636b6167655f7469746c65223b7d),
('config.entity.key_store.field_config', 'uuid:7306538a-77fb-44f1-96af-9704e66a525d', 0x613a313a7b693a303b733a33363a226669656c642e6669656c642e6e6f64652e706167652e6669656c645f73656374696f6e73223b7d),
('config.entity.key_store.field_config', 'uuid:758aa8c3-14ef-48df-b386-da9cad86e616', 0x613a313a7b693a303b733a34313a226669656c642e6669656c642e6e6f64652e74657374696d6f6e69616c732e6669656c645f696d616765223b7d),
('config.entity.key_store.field_config', 'uuid:75e3d34e-824d-48af-9928-9f05571aaa83', 0x613a313a7b693a303b733a36343a226669656c642e6669656c642e7061726167726170682e61626f75745f75735f696d6167655f776974685f766964656f5f706f7075702e6669656c645f626f6479223b7d),
('config.entity.key_store.field_config', 'uuid:77d2dcde-9945-429e-9bff-efe712f701f4', 0x613a313a7b693a303b733a34393a226669656c642e6669656c642e7061726167726170682e70726963696e675f73656374696f6e2e6669656c645f7469746c65223b7d),
('config.entity.key_store.field_config', 'uuid:78fe2597-bc93-4cc5-b7d9-288c91d83290', 0x613a313a7b693a303b733a33343a226669656c642e6669656c642e6e6f64652e74657374696d6f6e69616c732e626f6479223b7d),
('config.entity.key_store.field_config', 'uuid:82f065d4-ffda-4189-b85e-e9dea8bcb1f4', 0x613a313a7b693a303b733a35323a226669656c642e6669656c642e7061726167726170682e636f6e746163745f75735f73656374696f6e2e6669656c645f656d61696c223b7d),
('config.entity.key_store.field_config', 'uuid:834c837c-9be6-464e-8e2d-501ab0636b4d', 0x613a313a7b693a303b733a34353a226669656c642e6669656c642e7061726167726170682e70726963696e672e6669656c645f7375625f7469746c65223b7d),
('config.entity.key_store.field_config', 'uuid:84877738-f5ea-4b05-8413-c1fb8aac3bdd', 0x613a313a7b693a303b733a36363a226669656c642e6669656c642e7061726167726170682e696d6167655f776974685f766964656f5f706f7075702e6669656c645f766964656f5f706c61795f69636f6e223b7d),
('config.entity.key_store.field_config', 'uuid:85978ec2-2064-4f8f-a989-ee351bb62cbc', 0x613a313a7b693a303b733a37333a226669656c642e6669656c642e7061726167726170682e61626f75745f75735f696d6167655f776974685f766964656f5f706f7075702e6669656c645f7061636b6167655f7469746c65223b7d),
('config.entity.key_store.field_config', 'uuid:8af8806f-14fa-4fd7-b84d-32e405ddfa97', 0x613a313a7b693a303b733a35313a226669656c642e6669656c642e7061726167726170682e616e616c79746963735f73656374696f6e2e6669656c645f7469746c65223b7d),
('config.entity.key_store.field_config', 'uuid:8bef42b9-a624-4523-9c5a-23e8fd3c19e3', 0x613a313a7b693a303b733a35373a226669656c642e6669656c642e7061726167726170682e636f6e746163745f75735f73656374696f6e2e6669656c645f696672616d655f75726c223b7d),
('config.entity.key_store.field_config', 'uuid:90b0bf82-8cba-4efe-994c-08dd1913bb1f', 0x613a313a7b693a303b733a34393a226669656c642e6669656c642e7061726167726170682e616e616c79746963732e6669656c645f627574746f6e5f6c696e6b223b7d),
('config.entity.key_store.field_config', 'uuid:9381ebea-1201-415f-b359-d4f76a27d120', 0x613a313a7b693a303b733a35353a226669656c642e6669656c642e7061726167726170682e636c69656e74735f73656374696f6e2e6669656c645f636c69656e745f6c6f676f223b7d),
('config.entity.key_store.field_config', 'uuid:966781af-f7bf-423c-be81-8d759ada7eb1', 0x613a313a7b693a303b733a35353a226669656c642e6669656c642e7061726167726170682e70726963696e675f73656374696f6e2e6669656c645f6465736372697074696f6e223b7d),
('config.entity.key_store.field_config', 'uuid:9b702caa-1929-4bc4-977a-cadda1eb340b', 0x613a313a7b693a303b733a35323a226669656c642e6669656c642e7061726167726170682e7465616d5f6d656d6265722e6669656c645f62616e6e65725f696d616765223b7d),
('config.entity.key_store.field_config', 'uuid:9c83caa1-d27f-4fdc-ac00-8fac8671c348', 0x613a313a7b693a303b733a35393a226669656c642e6669656c642e7061726167726170682e696d6167655f776974686f75745f766964656f5f706f7075702e6669656c645f7469746c65223b7d),
('config.entity.key_store.field_config', 'uuid:aeba73d0-2897-4524-876f-4c998e3743fa', 0x613a313a7b693a303b733a34303a226669656c642e6669656c642e7061726167726170682e62616e6e65722e6669656c645f7469746c65223b7d),
('config.entity.key_store.field_config', 'uuid:b0687c19-cbed-4c2a-9b43-5a6257f378be', 0x613a313a7b693a303b733a34383a226669656c642e6669656c642e7061726167726170682e636c69656e74732e6669656c645f62616e6e65725f696d616765223b7d),
('config.entity.key_store.field_config', 'uuid:b3b76b06-c689-475b-b477-7211439598bd', 0x613a313a7b693a303b733a33343a226669656c642e6669656c642e6e6f64652e626c6f672e6669656c645f62616e6e6572223b7d),
('config.entity.key_store.field_config', 'uuid:b833cdc9-8f39-4179-a17a-314492bd2795', 0x613a313a7b693a303b733a34363a226669656c642e6669656c642e7061726167726170682e62616e6e65722e6669656c645f6465736372697074696f6e223b7d),
('config.entity.key_store.field_config', 'uuid:c3c236d4-87ec-4e16-bff8-6fe0191067bb', 0x613a313a7b693a303b733a35333a226669656c642e6669656c642e7061726167726170682e7465616d5f6d656d6265722e6669656c645f6c696e6b656e64696e5f75726c223b7d),
('config.entity.key_store.field_config', 'uuid:c62aa629-d4ed-44a6-b35b-db2b21c1ff90', 0x613a313a7b693a303b733a34383a226669656c642e6669656c642e6e6f64652e74657374696d6f6e69616c732e6669656c645f757365725f70696374757265223b7d),
('config.entity.key_store.field_config', 'uuid:c89ea163-4f3c-467f-9486-037f8fc94c54', 0x613a313a7b693a303b733a35313a226669656c642e6669656c642e7061726167726170682e7465616d5f6d656d6265722e6669656c645f747769747465725f75726c223b7d),
('config.entity.key_store.field_config', 'uuid:d0c26a7c-9d30-45da-a3bb-332b6f324287', 0x613a313a7b693a303b733a35363a226669656c642e6669656c642e7061726167726170682e696d6167655f776974685f766964656f5f706f7075702e6669656c645f7469746c65223b7d),
('config.entity.key_store.field_config', 'uuid:d2517e86-f1d0-4912-852b-9676565ab1af', 0x613a313a7b693a303b733a35313a226669656c642e6669656c642e7061726167726170682e636f6e746163745f75735f73656374696f6e2e6669656c645f666f726d223b7d),
('config.entity.key_store.field_config', 'uuid:d44d37b9-a0a8-46fa-9d4b-a0062fcd15e0', 0x613a313a7b693a303b733a33323a226669656c642e6669656c642e6e6f64652e61727469636c652e636f6d6d656e74223b7d),
('config.entity.key_store.field_config', 'uuid:d481597a-ae1f-4b0b-9065-b77ef3e6fbd0', 0x613a313a7b693a303b733a33353a226669656c642e6669656c642e6e6f64652e61727469636c652e6669656c645f74616773223b7d);
INSERT INTO `key_value` (`collection`, `name`, `value`) VALUES
('config.entity.key_store.field_config', 'uuid:d5d81521-ff7e-4153-b753-2aad456ce96b', 0x613a313a7b693a303b733a36333a226669656c642e6669656c642e7061726167726170682e696d6167655f776974686f75745f766964656f5f706f7075702e6669656c645f7375625f7469746c65223b7d),
('config.entity.key_store.field_config', 'uuid:da93b267-02c5-481a-9d57-4b4c3816ac8b', 0x613a313a7b693a303b733a34393a226669656c642e6669656c642e7061726167726170682e70726963696e672e6669656c645f7061636b6167655f7469746c65223b7d),
('config.entity.key_store.field_config', 'uuid:dcf57cee-194c-4def-84a5-bf7efcc07147', 0x613a313a7b693a303b733a35303a226669656c642e6669656c642e7061726167726170682e61626f75745f75735f73656374696f6e2e6669656c645f7469746c65223b7d),
('config.entity.key_store.field_config', 'uuid:de5f0e15-89b4-40d0-bdb8-a3bc59a49564', 0x613a313a7b693a303b733a35343a226669656c642e6669656c642e7061726167726170682e61626f75745f75735f73656374696f6e2e6669656c645f7375625f7469746c65223b7d),
('config.entity.key_store.field_config', 'uuid:de71bc09-7209-4d06-832e-235a8f4fa83a', 0x613a313a7b693a303b733a34303a226669656c642e6669656c642e636f6d6d656e742e636f6d6d656e742e636f6d6d656e745f626f6479223b7d),
('config.entity.key_store.field_config', 'uuid:dfd919fa-d049-49c7-abc8-7c36346a706e', 0x613a313a7b693a303b733a35353a226669656c642e6669656c642e7061726167726170682e736572766963655f73656374696f6e2e6669656c645f6465736372697074696f6e223b7d),
('config.entity.key_store.field_config', 'uuid:e8746d93-a7d4-42d3-bfbf-02b98bbb95ae', 0x613a313a7b693a303b733a37323a226669656c642e6669656c642e7061726167726170682e61626f75745f75735f696d6167655f776974685f766964656f5f706f7075702e6669656c645f62616e6e65725f696d616765223b7d),
('config.entity.key_store.field_config', 'uuid:eaee9499-61ac-4ffe-936f-8acdccafd2de', 0x613a313a7b693a303b733a35393a226669656c642e6669656c642e7061726167726170682e636f6e746163745f75735f73656374696f6e2e6669656c645f66616365626f6f6b5f75726c223b7d),
('config.entity.key_store.field_config', 'uuid:ed45e30b-d409-4702-9d00-76de0de60ebc', 0x613a313a7b693a303b733a36363a226669656c642e6669656c642e7061726167726170682e696d6167655f776974686f75745f766964656f5f706f7075702e6669656c645f62616e6e65725f696d616765223b7d),
('config.entity.key_store.field_config', 'uuid:ed956503-f0d4-439f-96df-8896487e3b99', 0x613a313a7b693a303b733a36323a226669656c642e6669656c642e7061726167726170682e696d6167655f776974685f766964656f5f706f7075702e6669656c645f627574746f6e5f6c696e6b223b7d),
('config.entity.key_store.field_config', 'uuid:f1472704-d933-49b8-b7ec-11d82382c08c', 0x613a313a7b693a303b733a36303a226669656c642e6669656c642e7061726167726170682e696d6167655f776974685f766964656f5f706f7075702e6669656c645f766964656f5f75726c223b7d),
('config.entity.key_store.field_config', 'uuid:f1bcb8cd-fedf-4c96-847c-d5fade8fbdd6', 0x613a313a7b693a303b733a33363a226669656c642e6669656c642e626c6f636b5f636f6e74656e742e62617369632e626f6479223b7d),
('config.entity.key_store.field_config', 'uuid:f400f229-7acd-4510-b21d-ddb9e1d935fd', 0x613a313a7b693a303b733a36303a226669656c642e6669656c642e7061726167726170682e636f6e746163745f75735f73656374696f6e2e6669656c645f7061636b6167655f7469746c65223b7d),
('config.entity.key_store.field_config', 'uuid:f41cb869-97de-4775-ba3f-c5f9a3f21ddc', 0x613a313a7b693a303b733a35383a226669656c642e6669656c642e7061726167726170682e636f6e746163745f75735f73656374696f6e2e6669656c645f6465736372697074696f6e223b7d),
('config.entity.key_store.field_config', 'uuid:f4f3ff5d-a03c-424c-81e0-b9396c9bc54b', 0x613a313a7b693a303b733a36303a226669656c642e6669656c642e7061726167726170682e696d6167655f776974685f766964656f5f706f7075702e6669656c645f7375625f7469746c65223b7d),
('config.entity.key_store.field_config', 'uuid:f52dbadb-6ba8-4867-8673-77a80e8cfed8', 0x613a313a7b693a303b733a34313a226669656c642e6669656c642e7061726167726170682e70726963696e672e6669656c645f7469746c65223b7d),
('config.entity.key_store.field_config', 'uuid:f6f4b61f-ccc7-42b3-87e5-b01b62bdad3f', 0x613a313a7b693a303b733a34363a226669656c642e6669656c642e7061726167726170682e62616e6e65722e6669656c645f627574746f6e5f6c696e6b223b7d),
('config.entity.key_store.field_config', 'uuid:fd18a29f-7cb7-40ee-9048-ab17e2dc34c2', 0x613a313a7b693a303b733a35323a226669656c642e6669656c642e7061726167726170682e636f6e746163745f75735f73656374696f6e2e6669656c645f7469746c65223b7d),
('config.entity.key_store.field_config', 'uuid:fd4cb844-7b67-4046-974b-ab13eae6116a', 0x613a313a7b693a303b733a34393a226669656c642e6669656c642e7061726167726170682e7465616d5f6d656d6265722e6669656c645f7375625f7469746c65223b7d),
('config.entity.key_store.field_config', 'uuid:fea0f87e-58de-4831-8ec9-792dacf18b39', 0x613a313a7b693a303b733a32393a226669656c642e6669656c642e6e6f64652e776562666f726d2e626f6479223b7d),
('config.entity.key_store.field_config', 'uuid:ff114879-ec1f-4515-86ae-e3cd35f97d8e', 0x613a313a7b693a303b733a35363a226669656c642e6669656c642e7061726167726170682e61626f75745f75735f73656374696f6e2e6669656c645f6465736372697074696f6e223b7d),
('config.entity.key_store.field_storage_config', 'uuid:0cb34397-16bf-4a6f-b4f3-90c34d865942', 0x613a313a7b693a303b733a34313a226669656c642e73746f726167652e7061726167726170682e6669656c645f747769747465725f75726c223b7d),
('config.entity.key_store.field_storage_config', 'uuid:0f4b86f0-6fac-4cad-a283-50c2267854ff', 0x613a313a7b693a303b733a33343a226669656c642e73746f726167652e636f6d6d656e742e636f6d6d656e745f626f6479223b7d),
('config.entity.key_store.field_storage_config', 'uuid:2196d19f-d566-44a3-a3aa-1291b65a5858', 0x613a313a7b693a303b733a32363a226669656c642e73746f726167652e6e6f64652e776562666f726d223b7d),
('config.entity.key_store.field_storage_config', 'uuid:2bf27c55-0f65-42a4-9275-9df3f76235b3', 0x613a313a7b693a303b733a33343a226669656c642e73746f726167652e7061726167726170682e6669656c645f626f6479223b7d),
('config.entity.key_store.field_storage_config', 'uuid:2c771ad0-3e96-4fc6-8e6b-5010991ef6ee', 0x613a313a7b693a303b733a32393a226669656c642e73746f726167652e6e6f64652e6669656c645f74616773223b7d),
('config.entity.key_store.field_storage_config', 'uuid:30733417-ff80-44f5-86a2-681b205d90a2', 0x613a313a7b693a303b733a33313a226669656c642e73746f726167652e757365722e757365725f70696374757265223b7d),
('config.entity.key_store.field_storage_config', 'uuid:3384f920-da45-4f76-a7df-a1acdd6e325f', 0x613a313a7b693a303b733a34323a226669656c642e73746f726167652e7061726167726170682e6669656c645f62616e6e65725f696d616765223b7d),
('config.entity.key_store.field_storage_config', 'uuid:3ae9c6ca-fbba-4629-a40b-a5762184a8b7', 0x613a313a7b693a303b733a34323a226669656c642e73746f726167652e7061726167726170682e6669656c645f7465616d5f6d656d62657273223b7d),
('config.entity.key_store.field_storage_config', 'uuid:449f3166-b257-448d-80d9-fc6b622ed344', 0x613a313a7b693a303b733a34313a226669656c642e73746f726167652e7061726167726170682e6669656c645f6465736372697074696f6e223b7d),
('config.entity.key_store.field_storage_config', 'uuid:5f23b7d6-9e22-47f1-8e29-aaea2fd78a53', 0x613a313a7b693a303b733a33383a226669656c642e73746f726167652e7061726167726170682e6669656c645f70726963696e6773223b7d),
('config.entity.key_store.field_storage_config', 'uuid:5f4d3dc5-10ff-491e-bb21-d70f25c47bd1', 0x613a313a7b693a303b733a33383a226669656c642e73746f726167652e7061726167726170682e6669656c645f7365727669636573223b7d),
('config.entity.key_store.field_storage_config', 'uuid:6b4178d9-2011-4195-99fa-0fd947b39e84', 0x613a313a7b693a303b733a34303a226669656c642e73746f726167652e7061726167726170682e6669656c645f696672616d655f75726c223b7d),
('config.entity.key_store.field_storage_config', 'uuid:7239f4ed-d9ff-40db-8ac4-ddb0f6822b6d', 0x613a313a7b693a303b733a33323a226669656c642e73746f726167652e626c6f636b5f636f6e74656e742e626f6479223b7d),
('config.entity.key_store.field_storage_config', 'uuid:7ad34323-b738-45da-9849-7202c206d1c6', 0x613a313a7b693a303b733a33333a226669656c642e73746f726167652e6e6f64652e6669656c645f73656374696f6e73223b7d),
('config.entity.key_store.field_storage_config', 'uuid:7cc9f62d-4b97-40bf-81f6-40174b36bc69', 0x613a313a7b693a303b733a33353a226669656c642e73746f726167652e7061726167726170682e6669656c645f656d61696c223b7d),
('config.entity.key_store.field_storage_config', 'uuid:8124cdc8-bf03-48ad-8be9-42ed46eccee8', 0x613a313a7b693a303b733a33313a226669656c642e73746f726167652e6e6f64652e6669656c645f62616e6e6572223b7d),
('config.entity.key_store.field_storage_config', 'uuid:8d54826b-7a7b-4b6e-8f9e-be1b6b0da9de', 0x613a313a7b693a303b733a34323a226669656c642e73746f726167652e7061726167726170682e6669656c645f66616365626f6f6b5f75726c223b7d),
('config.entity.key_store.field_storage_config', 'uuid:90b09535-14d4-45d3-968b-98019b5aa1b8', 0x613a313a7b693a303b733a34333a226669656c642e73746f726167652e7061726167726170682e6669656c645f6c696e6b656e64696e5f75726c223b7d),
('config.entity.key_store.field_storage_config', 'uuid:93cd0fc7-72ad-44df-b882-384a82d6ae0c', 0x613a313a7b693a303b733a34313a226669656c642e73746f726167652e7061726167726170682e6669656c645f70726963696e675f706572223b7d),
('config.entity.key_store.field_storage_config', 'uuid:94efa3e9-4769-4375-8702-1265f93ee9dc', 0x613a313a7b693a303b733a32333a226669656c642e73746f726167652e6e6f64652e626f6479223b7d),
('config.entity.key_store.field_storage_config', 'uuid:a5f2dce3-908e-4539-a6a8-5862a7e36785', 0x613a313a7b693a303b733a33353a226669656c642e73746f726167652e7061726167726170682e6669656c645f7469746c65223b7d),
('config.entity.key_store.field_storage_config', 'uuid:b23cd256-bd2f-4fcb-bfe9-92f2efb8777a', 0x613a313a7b693a303b733a33393a226669656c642e73746f726167652e7061726167726170682e6669656c645f616e616c7974696373223b7d),
('config.entity.key_store.field_storage_config', 'uuid:b49f2365-c363-4890-9158-a8b28fa760db', 0x613a313a7b693a303b733a34333a226669656c642e73746f726167652e7061726167726170682e6669656c645f7061636b6167655f7469746c65223b7d),
('config.entity.key_store.field_storage_config', 'uuid:b5b2b3f1-a816-485a-bf47-a5080fd6c48a', 0x613a313a7b693a303b733a33343a226669656c642e73746f726167652e7061726167726170682e6669656c645f666f726d223b7d),
('config.entity.key_store.field_storage_config', 'uuid:b7415115-4609-41d6-8b5e-8087e3d9a505', 0x613a313a7b693a303b733a33303a226669656c642e73746f726167652e6e6f64652e6669656c645f696d616765223b7d),
('config.entity.key_store.field_storage_config', 'uuid:bd6d8b0e-fb84-4f11-8b6e-41558e85a539', 0x613a313a7b693a303b733a34353a226669656c642e73746f726167652e7061726167726170682e6669656c645f7061636b6167655f64657461696c73223b7d),
('config.entity.key_store.field_storage_config', 'uuid:c36e1c95-1287-4ad6-8d2c-3c182a74b7b7', 0x613a313a7b693a303b733a33373a226669656c642e73746f726167652e7061726167726170682e6669656c645f61646472657373223b7d),
('config.entity.key_store.field_storage_config', 'uuid:cec95cfe-c169-44e5-acbe-b412dd9ac83c', 0x613a313a7b693a303b733a33333a226669656c642e73746f726167652e6e6f64652e6669656c645f636f6d6d656e7473223b7d),
('config.entity.key_store.field_storage_config', 'uuid:d119b299-b657-4ffb-b8fb-86e2afb2a434', 0x613a313a7b693a303b733a32363a226669656c642e73746f726167652e6e6f64652e636f6d6d656e74223b7d),
('config.entity.key_store.field_storage_config', 'uuid:d4a137f5-af24-4b61-81be-fc9c5e5f59a9', 0x613a313a7b693a303b733a34313a226669656c642e73746f726167652e7061726167726170682e6669656c645f627574746f6e5f6c696e6b223b7d),
('config.entity.key_store.field_storage_config', 'uuid:e0c41e55-82d5-4dbc-866c-4a17b8df4941', 0x613a313a7b693a303b733a34353a226669656c642e73746f726167652e7061726167726170682e6669656c645f766964656f5f706c61795f69636f6e223b7d),
('config.entity.key_store.field_storage_config', 'uuid:e5ae5ccb-779e-409d-ab4c-b6c6a4cc19bc', 0x613a313a7b693a303b733a33343a226669656c642e73746f726167652e7061726167726170682e6669656c645f76696577223b7d),
('config.entity.key_store.field_storage_config', 'uuid:f01b8f53-00a4-4674-afab-d2048b9742c4', 0x613a313a7b693a303b733a33393a226669656c642e73746f726167652e7061726167726170682e6669656c645f7375625f7469746c65223b7d),
('config.entity.key_store.field_storage_config', 'uuid:f3c816d1-e064-4f59-b047-877afd5cb69b', 0x613a313a7b693a303b733a33373a226669656c642e73746f726167652e6e6f64652e6669656c645f757365725f70696374757265223b7d),
('config.entity.key_store.field_storage_config', 'uuid:f860be3b-11de-441d-8690-0950cbfad751', 0x613a313a7b693a303b733a34313a226669656c642e73746f726167652e7061726167726170682e6669656c645f636c69656e745f6c6f676f223b7d),
('config.entity.key_store.field_storage_config', 'uuid:ffde8a99-ed70-42a0-bb35-4bb424a98818', 0x613a313a7b693a303b733a33393a226669656c642e73746f726167652e7061726167726170682e6669656c645f766964656f5f75726c223b7d),
('config.entity.key_store.filter_format', 'uuid:0896e757-00f5-432c-9db6-bb82812c6fdd', 0x613a313a7b693a303b733a32343a2266696c7465722e666f726d61742e62617369635f68746d6c223b7d),
('config.entity.key_store.filter_format', 'uuid:175ae35f-3402-4067-b5d5-d58da4220231', 0x613a313a7b693a303b733a32343a2266696c7465722e666f726d61742e706c61696e5f74657874223b7d),
('config.entity.key_store.filter_format', 'uuid:316ffb23-bbb2-445a-8f2b-69a42f052ad5', 0x613a313a7b693a303b733a32393a2266696c7465722e666f726d61742e726573747269637465645f68746d6c223b7d),
('config.entity.key_store.filter_format', 'uuid:f051061b-9555-4816-bc9f-e4e88320c3af', 0x613a313a7b693a303b733a32333a2266696c7465722e666f726d61742e66756c6c5f68746d6c223b7d),
('config.entity.key_store.image_style', 'uuid:6c58529e-5314-40d6-899e-80a5f2daf740', 0x613a313a7b693a303b733a31373a22696d6167652e7374796c652e6c61726765223b7d),
('config.entity.key_store.image_style', 'uuid:72a7b8a0-55cc-4770-ae08-cc9e26e53833', 0x613a313a7b693a303b733a31383a22696d6167652e7374796c652e6d656469756d223b7d),
('config.entity.key_store.image_style', 'uuid:fbf21bbb-bb87-4457-b467-87255a198465', 0x613a313a7b693a303b733a32313a22696d6167652e7374796c652e7468756d626e61696c223b7d),
('config.entity.key_store.menu', 'uuid:13ce2676-f758-413e-a367-7ef32029bf70', 0x613a313a7b693a303b733a31393a2273797374656d2e6d656e752e6163636f756e74223b7d),
('config.entity.key_store.menu', 'uuid:1f154a3a-ec4f-4a3b-967f-5e343a268b42', 0x613a313a7b693a303b733a31363a2273797374656d2e6d656e752e6d61696e223b7d),
('config.entity.key_store.menu', 'uuid:22ff603d-b5b8-41c2-89ab-1052e00b9bf8', 0x613a313a7b693a303b733a31373a2273797374656d2e6d656e752e646576656c223b7d),
('config.entity.key_store.menu', 'uuid:2443b187-54d3-40e4-81af-71d832895394', 0x613a313a7b693a303b733a31373a2273797374656d2e6d656e752e61646d696e223b7d),
('config.entity.key_store.menu', 'uuid:3eefc5e8-a3af-447d-92fd-814c0a4ece49', 0x613a313a7b693a303b733a31383a2273797374656d2e6d656e752e666f6f746572223b7d),
('config.entity.key_store.menu', 'uuid:d2c1815b-c654-4302-bad9-4a598523f00d', 0x613a313a7b693a303b733a31373a2273797374656d2e6d656e752e746f6f6c73223b7d),
('config.entity.key_store.node_type', 'uuid:0343fa16-78de-49f1-849a-09ed4144520c', 0x613a313a7b693a303b733a31343a226e6f64652e747970652e70616765223b7d),
('config.entity.key_store.node_type', 'uuid:178a5564-29dc-4951-a471-e46b44324d29', 0x613a313a7b693a303b733a31373a226e6f64652e747970652e776562666f726d223b7d),
('config.entity.key_store.node_type', 'uuid:4292ae22-7132-4035-9054-bd83934b750a', 0x613a313a7b693a303b733a31373a226e6f64652e747970652e61727469636c65223b7d),
('config.entity.key_store.node_type', 'uuid:bd61ecff-4df9-4eaf-9d6e-65739f65dd94', 0x613a313a7b693a303b733a32323a226e6f64652e747970652e74657374696d6f6e69616c73223b7d),
('config.entity.key_store.node_type', 'uuid:d1a86c3d-3148-4c35-a8cf-aa4f7e772208', 0x613a313a7b693a303b733a31343a226e6f64652e747970652e626c6f67223b7d),
('config.entity.key_store.paragraphs_type', 'uuid:2011e8bc-3fff-412f-a8dc-f098daefd0f5', 0x613a313a7b693a303b733a33383a22706172616772617068732e706172616772617068735f747970652e7465616d5f6d656d626572223b7d),
('config.entity.key_store.paragraphs_type', 'uuid:2beedee6-0e4c-4b3b-9182-c5ffae29787c', 0x613a313a7b693a303b733a34353a22706172616772617068732e706172616772617068735f747970652e636f6e746163745f75735f73656374696f6e223b7d),
('config.entity.key_store.paragraphs_type', 'uuid:31aa24ce-385f-4327-9b36-3d0403f4c2c0', 0x613a313a7b693a303b733a34393a22706172616772617068732e706172616772617068735f747970652e696d6167655f776974685f766964656f5f706f707570223b7d),
('config.entity.key_store.paragraphs_type', 'uuid:321f159e-36dc-44a5-a03b-e9022ec48871', 0x613a313a7b693a303b733a33343a22706172616772617068732e706172616772617068735f747970652e636c69656e7473223b7d),
('config.entity.key_store.paragraphs_type', 'uuid:41e1322c-f108-4a2d-807e-610474ac20ad', 0x613a313a7b693a303b733a35393a22706172616772617068732e706172616772617068735f747970652e61626f75745f75735f696d6167655f776974686f75745f766964656f5f706f70223b7d),
('config.entity.key_store.paragraphs_type', 'uuid:57415ec2-2034-48a8-b98a-c8f4614a17f0', 0x613a313a7b693a303b733a34343a22706172616772617068732e706172616772617068735f747970652e616e616c79746963735f73656374696f6e223b7d),
('config.entity.key_store.paragraphs_type', 'uuid:6c8ff564-edee-4e45-acd6-a197a0f4ee2f', 0x613a313a7b693a303b733a35383a22706172616772617068732e706172616772617068735f747970652e61626f75745f75735f696d6167655f776974685f766964656f5f706f707570223b7d),
('config.entity.key_store.paragraphs_type', 'uuid:72d10653-2644-48f5-8ca5-b2197ed37abc', 0x613a313a7b693a303b733a34323a22706172616772617068732e706172616772617068735f747970652e636c69656e74735f73656374696f6e223b7d),
('config.entity.key_store.paragraphs_type', 'uuid:909135ec-59f1-4b8c-978a-1213c267bf08', 0x613a313a7b693a303b733a35323a22706172616772617068732e706172616772617068735f747970652e696d6167655f776974686f75745f766964656f5f706f707570223b7d),
('config.entity.key_store.paragraphs_type', 'uuid:92bb4c7d-bd47-4709-9469-34185ce9f007', 0x613a313a7b693a303b733a33393a22706172616772617068732e706172616772617068735f747970652e7465616d5f73656374696f6e223b7d),
('config.entity.key_store.paragraphs_type', 'uuid:983d5e8b-807f-4b00-928c-3c883f358ea0', 0x613a313a7b693a303b733a34323a22706172616772617068732e706172616772617068735f747970652e736572766963655f73656374696f6e223b7d),
('config.entity.key_store.paragraphs_type', 'uuid:9b59bd8e-e59d-4e3c-9d70-7b1efe22ee62', 0x613a313a7b693a303b733a33343a22706172616772617068732e706172616772617068735f747970652e70726963696e67223b7d),
('config.entity.key_store.paragraphs_type', 'uuid:a5e27b6c-92b0-4be1-9416-57a96676506a', 0x613a313a7b693a303b733a34393a22706172616772617068732e706172616772617068735f747970652e766965775f7265666572656e63655f73656374696f6e223b7d),
('config.entity.key_store.paragraphs_type', 'uuid:ba8c0565-5093-4d23-be19-39b09657c61d', 0x613a313a7b693a303b733a33363a22706172616772617068732e706172616772617068735f747970652e616e616c7974696373223b7d),
('config.entity.key_store.paragraphs_type', 'uuid:c3075d35-410b-4c97-91e9-6ea1aa689c14', 0x613a313a7b693a303b733a34323a22706172616772617068732e706172616772617068735f747970652e70726963696e675f73656374696f6e223b7d),
('config.entity.key_store.paragraphs_type', 'uuid:d87f3150-5d6a-4a72-8f65-a800b6258028', 0x613a313a7b693a303b733a33333a22706172616772617068732e706172616772617068735f747970652e62616e6e6572223b7d),
('config.entity.key_store.paragraphs_type', 'uuid:f29b4a52-4515-4fb1-9794-7073f1b467a6', 0x613a313a7b693a303b733a34333a22706172616772617068732e706172616772617068735f747970652e61626f75745f75735f73656374696f6e223b7d),
('config.entity.key_store.rdf_mapping', 'uuid:0116db6f-3578-4f4b-93c2-6f5b05c360d4', 0x613a313a7b693a303b733a32313a227264662e6d617070696e672e757365722e75736572223b7d),
('config.entity.key_store.rdf_mapping', 'uuid:4db70896-e2ca-4b93-9c21-1c04f2866e83', 0x613a313a7b693a303b733a32343a227264662e6d617070696e672e6e6f64652e61727469636c65223b7d),
('config.entity.key_store.rdf_mapping', 'uuid:8290abed-aa89-4f33-bcd0-b84900485d91', 0x613a313a7b693a303b733a32373a227264662e6d617070696e672e636f6d6d656e742e636f6d6d656e74223b7d),
('config.entity.key_store.rdf_mapping', 'uuid:835ffae8-d26c-4b33-a18d-5bb74e130ad4', 0x613a313a7b693a303b733a33303a227264662e6d617070696e672e7461786f6e6f6d795f7465726d2e74616773223b7d),
('config.entity.key_store.rdf_mapping', 'uuid:9923c68f-c7d3-449d-8137-21f673c55e56', 0x613a313a7b693a303b733a32313a227264662e6d617070696e672e6e6f64652e70616765223b7d),
('config.entity.key_store.search_page', 'uuid:82b2c46c-23b3-48f8-9755-a4f6c23c15f3', 0x613a313a7b693a303b733a32333a227365617263682e706167652e757365725f736561726368223b7d),
('config.entity.key_store.search_page', 'uuid:fcaa94d2-daca-40d5-b6b3-6713662feead', 0x613a313a7b693a303b733a32333a227365617263682e706167652e6e6f64655f736561726368223b7d),
('config.entity.key_store.shortcut_set', 'uuid:16a10644-a445-4b19-9cfd-3f14589af580', 0x613a313a7b693a303b733a32303a2273686f72746375742e7365742e64656661756c74223b7d),
('config.entity.key_store.taxonomy_vocabulary', 'uuid:61ecf3ca-6892-4b36-ada2-ff782d5e15d1', 0x613a313a7b693a303b733a32343a227461786f6e6f6d792e766f636162756c6172792e74616773223b7d),
('config.entity.key_store.tour', 'routes.*.route_name:entity.view.edit_display_form', 0x613a313a7b693a303b733a31383a22746f75722e746f75722e76696577732d7569223b7d),
('config.entity.key_store.tour', 'routes.*.route_name:entity.view.edit_form', 0x613a313a7b693a303b733a31383a22746f75722e746f75722e76696577732d7569223b7d),
('config.entity.key_store.tour', 'uuid:e614316f-9804-4ede-8598-c3ee59cf8545', 0x613a313a7b693a303b733a31383a22746f75722e746f75722e76696577732d7569223b7d),
('config.entity.key_store.user_role', 'uuid:9a3bf1aa-638d-40f2-9bb8-de54ada50d26', 0x613a313a7b693a303b733a32333a22757365722e726f6c652e61646d696e6973747261746f72223b7d),
('config.entity.key_store.user_role', 'uuid:de14bdc6-7ce1-4621-901a-a9a5c01c1db6', 0x613a313a7b693a303b733a32333a22757365722e726f6c652e61757468656e74696361746564223b7d),
('config.entity.key_store.user_role', 'uuid:e6d1323c-44e6-41ef-9af7-6e0bd2516f5e', 0x613a313a7b693a303b733a31393a22757365722e726f6c652e616e6f6e796d6f7573223b7d),
('config.entity.key_store.view', 'uuid:0a80f8e5-ce36-4dd9-8885-c9c52a0e70f0', 0x613a313a7b693a303b733a32343a2276696577732e766965772e626c6f636b5f636f6e74656e74223b7d),
('config.entity.key_store.view', 'uuid:0c44ec16-f416-4a9c-8da3-efeb82a6f588', 0x613a313a7b693a303b733a31393a2276696577732e766965772e676c6f7373617279223b7d),
('config.entity.key_store.view', 'uuid:0cea6e75-a16a-4866-889d-db7602bea811', 0x613a313a7b693a303b733a31383a2276696577732e766965772e61726368697665223b7d),
('config.entity.key_store.view', 'uuid:176cd95b-ac73-4d39-8f05-cc3c2d24c5e1', 0x613a313a7b693a303b733a31393a2276696577732e766965772e7761746368646f67223b7d),
('config.entity.key_store.view', 'uuid:3a167721-abf7-4a56-9844-2b20a321ac9f', 0x613a313a7b693a303b733a31383a2276696577732e766965772e636f6d6d656e74223b7d),
('config.entity.key_store.view', 'uuid:4120ba3c-d2d7-4497-9c01-3487e1cc3ae8', 0x613a313a7b693a303b733a32383a2276696577732e766965772e757365725f61646d696e5f70656f706c65223b7d),
('config.entity.key_store.view', 'uuid:63bf9d4b-e7da-459d-a322-9c243106003c', 0x613a313a7b693a303b733a32363a2276696577732e766965772e636f6d6d656e74735f726563656e74223b7d),
('config.entity.key_store.view', 'uuid:7352b9b9-09a8-4c85-905d-8128e290dc6f', 0x613a313a7b693a303b733a32333a2276696577732e766965772e77686f5f735f6f6e6c696e65223b7d),
('config.entity.key_store.view', 'uuid:7b19ed52-afa6-4a2e-b5f2-689e17d8ab5f', 0x613a313a7b693a303b733a32303a2276696577732e766965772e77686f5f735f6e6577223b7d),
('config.entity.key_store.view', 'uuid:85d48ef0-663b-4976-ac12-fc969d58b381', 0x613a313a7b693a303b733a32333a2276696577732e766965772e74657374696d6f6e69616c73223b7d),
('config.entity.key_store.view', 'uuid:99edf38e-feab-4630-9fad-8c9e84771d92', 0x613a313a7b693a303b733a32303a2276696577732e766965772e66726f6e7470616765223b7d),
('config.entity.key_store.view', 'uuid:d4ea769a-217a-4dea-8502-a8ca86fa323d', 0x613a313a7b693a303b733a32343a2276696577732e766965772e7461786f6e6f6d795f7465726d223b7d),
('config.entity.key_store.view', 'uuid:f00873f0-cd3f-4865-ae86-6c51ed58a9f5', 0x613a313a7b693a303b733a31363a2276696577732e766965772e66696c6573223b7d),
('config.entity.key_store.view', 'uuid:f8e06d9d-ee59-444e-aeda-88d3d6cbd2e2', 0x613a313a7b693a303b733a32353a2276696577732e766965772e636f6e74656e745f726563656e74223b7d),
('config.entity.key_store.view', 'uuid:fb0118c6-66b2-444f-a6cf-1db1324751c8', 0x613a313a7b693a303b733a31383a2276696577732e766965772e636f6e74656e74223b7d),
('config.entity.key_store.view', 'uuid:fe1200bf-0d10-4856-8904-ddfd85be46ca', 0x613a313a7b693a303b733a31353a2276696577732e766965772e626c6f67223b7d),
('config.entity.key_store.webform', 'status:open', 0x613a313a7b693a303b733a32333a22776562666f726d2e776562666f726d2e636f6e74616374223b7d),
('config.entity.key_store.webform', 'template:', 0x613a313a7b693a303b733a32333a22776562666f726d2e776562666f726d2e636f6e74616374223b7d),
('config.entity.key_store.webform', 'uuid:57b037ac-0c33-4ab4-9009-39caadc587c9', 0x613a313a7b693a303b733a32333a22776562666f726d2e776562666f726d2e636f6e74616374223b7d),
('config.entity.key_store.webform_options', 'uuid:02282e6e-34ac-4b28-aa66-df3957d07051', 0x613a313a7b693a303b733a32383a22776562666f726d2e776562666f726d5f6f7074696f6e732e64617973223b7d),
('config.entity.key_store.webform_options', 'uuid:315292b2-66d4-442a-b23b-f90b8a2f1823', 0x613a313a7b693a303b733a33333a22776562666f726d2e776562666f726d5f6f7074696f6e732e6574686e6963697479223b7d),
('config.entity.key_store.webform_options', 'uuid:3a18df53-e6a6-45f8-aece-1734513f3f20', 0x613a313a7b693a303b733a33303a22776562666f726d2e776562666f726d5f6f7074696f6e732e7965735f6e6f223b7d),
('config.entity.key_store.webform_options', 'uuid:3ae8cf13-9b18-4a6a-adaa-9514c6b56ab1', 0x613a313a7b693a303b733a34343a22776562666f726d2e776562666f726d5f6f7074696f6e732e73746174655f70726f76696e63655f636f646573223b7d),
('config.entity.key_store.webform_options', 'uuid:3e5fc676-dca4-4bd5-952d-adf9600e38e0', 0x613a313a7b693a303b733a33303a22776562666f726d2e776562666f726d5f6f7074696f6e732e7469746c6573223b7d),
('config.entity.key_store.webform_options', 'uuid:3f5e446a-b17f-438d-98e5-e4973a52e364', 0x613a313a7b693a303b733a33343a22776562666f726d2e776562666f726d5f6f7074696f6e732e74696d655f7a6f6e6573223b7d),
('config.entity.key_store.webform_options', 'uuid:4a1c7026-c23b-458a-a306-10d0295aee06', 0x613a313a7b693a303b733a34343a22776562666f726d2e776562666f726d5f6f7074696f6e732e73746174655f70726f76696e63655f6e616d6573223b7d),
('config.entity.key_store.webform_options', 'uuid:5230c74c-28e9-4271-b3e6-6d48224baaed', 0x613a313a7b693a303b733a34303a22776562666f726d2e776562666f726d5f6f7074696f6e732e6c696b6572745f61677265656d656e74223b7d),
('config.entity.key_store.webform_options', 'uuid:576ba71a-fb1e-4c85-979b-3cf1c5525187', 0x613a313a7b693a303b733a33323a22776562666f726d2e776562666f726d5f6f7074696f6e732e696e647573747279223b7d),
('config.entity.key_store.webform_options', 'uuid:62ce22f6-d9d2-4104-a0f6-71c85192cba9', 0x613a313a7b693a303b733a33373a22776562666f726d2e776562666f726d5f6f7074696f6e732e636f756e7472795f6e616d6573223b7d),
('config.entity.key_store.webform_options', 'uuid:6f0825f1-8ed3-422a-929f-400f9d5fc80e', 0x613a313a7b693a303b733a34313a22776562666f726d2e776562666f726d5f6f7074696f6e732e6c696b6572745f636f6d70617269736f6e223b7d),
('config.entity.key_store.webform_options', 'uuid:9589b776-988d-4115-9546-1cf9460006a2', 0x613a313a7b693a303b733a34313a22776562666f726d2e776562666f726d5f6f7074696f6e732e6c696b6572745f696d706f7274616e6365223b7d),
('config.entity.key_store.webform_options', 'uuid:9b5aa368-beea-4235-be22-2eb6dccbfcbf', 0x613a313a7b693a303b733a33303a22776562666f726d2e776562666f726d5f6f7074696f6e732e6d6f6e746873223b7d),
('config.entity.key_store.webform_options', 'uuid:a32b11ae-b794-4488-bf56-348269dc3480', 0x613a313a7b693a303b733a34333a22776562666f726d2e776562666f726d5f6f7074696f6e732e6c696b6572745f736174697366616374696f6e223b7d),
('config.entity.key_store.webform_options', 'uuid:a3487ca6-08c6-4b9e-aebb-2e665778f69f', 0x613a313a7b693a303b733a33353a22776562666f726d2e776562666f726d5f6f7074696f6e732e70686f6e655f7479706573223b7d),
('config.entity.key_store.webform_options', 'uuid:a5a3a5f5-5d61-4a4d-80b3-60f0be02209a', 0x613a313a7b693a303b733a34303a22776562666f726d2e776562666f726d5f6f7074696f6e732e6c696b6572745f776f756c645f796f75223b7d),
('config.entity.key_store.webform_options', 'uuid:a7c37ff6-6f76-4a2a-ba9a-6c371a713cb8', 0x613a313a7b693a303b733a33333a22776562666f726d2e776562666f726d5f6f7074696f6e732e656475636174696f6e223b7d),
('config.entity.key_store.webform_options', 'uuid:ab91a89b-0854-4513-b6b8-85790af93b93', 0x613a313a7b693a303b733a33363a22776562666f726d2e776562666f726d5f6f7074696f6e732e72656c6174696f6e73686970223b7d),
('config.entity.key_store.webform_options', 'uuid:b119e692-4b68-4e55-8422-7413686b92bc', 0x613a313a7b693a303b733a33333a22776562666f726d2e776562666f726d5f6f7074696f6e732e6c616e677561676573223b7d),
('config.entity.key_store.webform_options', 'uuid:b1ddf1bb-b11b-496a-b589-d48d1557bce8', 0x613a313a7b693a303b733a33353a22776562666f726d2e776562666f726d5f6f7074696f6e732e73746174655f6e616d6573223b7d),
('config.entity.key_store.webform_options', 'uuid:cbbaebe4-0b2f-45a8-8634-4f50248fd667', 0x613a313a7b693a303b733a33303a22776562666f726d2e776562666f726d5f6f7074696f6e732e67656e646572223b7d),
('config.entity.key_store.webform_options', 'uuid:d34905c5-1136-4788-a5f6-2be8b0974bce', 0x613a313a7b693a303b733a34313a22776562666f726d2e776562666f726d5f6f7074696f6e732e656d706c6f796d656e745f737461747573223b7d),
('config.entity.key_store.webform_options', 'uuid:d601bc6f-ff57-4895-9211-9bb89647a59a', 0x613a313a7b693a303b733a33383a22776562666f726d2e776562666f726d5f6f7074696f6e732e6c696b6572745f7175616c697479223b7d),
('config.entity.key_store.webform_options', 'uuid:dec31629-d6e6-48d2-af96-8d709f2d59ad', 0x613a313a7b693a303b733a33353a22776562666f726d2e776562666f726d5f6f7074696f6e732e73746174655f636f646573223b7d),
('config.entity.key_store.webform_options', 'uuid:f5ce8c6f-e44b-4f2a-8f3e-e3bb18169080', 0x613a313a7b693a303b733a33373a22776562666f726d2e776562666f726d5f6f7074696f6e732e636f756e7472795f636f646573223b7d),
('config.entity.key_store.webform_options', 'uuid:f8a542ae-c167-4908-a0f5-2ded6dd97284', 0x613a313a7b693a303b733a32383a22776562666f726d2e776562666f726d5f6f7074696f6e732e73697a65223b7d),
('config.entity.key_store.webform_options', 'uuid:f8e65ec3-4752-46e4-b67d-7bea99aa7a16', 0x613a313a7b693a303b733a34303a22776562666f726d2e776562666f726d5f6f7074696f6e732e6c696b6572745f74656e5f7363616c65223b7d),
('config.entity.key_store.webform_options', 'uuid:fe3d4081-45df-497a-aef5-dc1a071cf2e1', 0x613a313a7b693a303b733a33383a22776562666f726d2e776562666f726d5f6f7074696f6e732e6d61726974616c5f737461747573223b7d),
('entity.definitions.bundle_field_map', 'block_content', 0x613a313a7b733a343a22626f6479223b613a323a7b733a343a2274797065223b733a31373a22746578745f776974685f73756d6d617279223b733a373a2262756e646c6573223b613a313a7b733a353a226261736963223b733a353a226261736963223b7d7d7d),
('entity.definitions.bundle_field_map', 'comment', 0x613a313a7b733a31323a22636f6d6d656e745f626f6479223b613a323a7b733a343a2274797065223b733a393a22746578745f6c6f6e67223b733a373a2262756e646c6573223b613a313a7b733a373a22636f6d6d656e74223b733a373a22636f6d6d656e74223b7d7d7d),
('entity.definitions.bundle_field_map', 'node', 0x613a393a7b733a31313a226669656c645f696d616765223b613a323a7b733a343a2274797065223b733a353a22696d616765223b733a373a2262756e646c6573223b613a333a7b733a373a2261727469636c65223b733a373a2261727469636c65223b733a31323a2274657374696d6f6e69616c73223b733a31323a2274657374696d6f6e69616c73223b733a343a22626c6f67223b733a343a22626c6f67223b7d7d733a373a22636f6d6d656e74223b613a323a7b733a343a2274797065223b733a373a22636f6d6d656e74223b733a373a2262756e646c6573223b613a313a7b733a373a2261727469636c65223b733a373a2261727469636c65223b7d7d733a31303a226669656c645f74616773223b613a323a7b733a343a2274797065223b733a31363a22656e746974795f7265666572656e6365223b733a373a2262756e646c6573223b613a313a7b733a373a2261727469636c65223b733a373a2261727469636c65223b7d7d733a343a22626f6479223b613a323a7b733a343a2274797065223b733a31373a22746578745f776974685f73756d6d617279223b733a373a2262756e646c6573223b613a343a7b733a373a2261727469636c65223b733a373a2261727469636c65223b733a373a22776562666f726d223b733a373a22776562666f726d223b733a31323a2274657374696d6f6e69616c73223b733a31323a2274657374696d6f6e69616c73223b733a343a22626c6f67223b733a343a22626c6f67223b7d7d733a373a22776562666f726d223b613a323a7b733a343a2274797065223b733a373a22776562666f726d223b733a373a2262756e646c6573223b613a313a7b733a373a22776562666f726d223b733a373a22776562666f726d223b7d7d733a31343a226669656c645f73656374696f6e73223b613a323a7b733a343a2274797065223b733a32363a22656e746974795f7265666572656e63655f7265766973696f6e73223b733a373a2262756e646c6573223b613a313a7b733a343a2270616765223b733a343a2270616765223b7d7d733a31383a226669656c645f757365725f70696374757265223b613a323a7b733a343a2274797065223b733a353a22696d616765223b733a373a2262756e646c6573223b613a313a7b733a31323a2274657374696d6f6e69616c73223b733a31323a2274657374696d6f6e69616c73223b7d7d733a31343a226669656c645f636f6d6d656e7473223b613a323a7b733a343a2274797065223b733a373a22636f6d6d656e74223b733a373a2262756e646c6573223b613a313a7b733a343a22626c6f67223b733a343a22626c6f67223b7d7d733a31323a226669656c645f62616e6e6572223b613a323a7b733a343a2274797065223b733a32363a22656e746974795f7265666572656e63655f7265766973696f6e73223b733a373a2262756e646c6573223b613a313a7b733a343a22626c6f67223b733a343a22626c6f67223b7d7d7d),
('entity.definitions.bundle_field_map', 'paragraph', 0x[encoded data, 11016 characters]),
('entity.definitions.bundle_field_map', 'user', 0x613a313a7b733a31323a22757365725f70696374757265223b613a323a7b733a343a2274797065223b733a353a22696d616765223b733a373a2262756e646c6573223b613a313a7b733a343a2275736572223b733a343a2275736572223b7d7d7d),
('entity.definitions.installed', 'action.entity_type', 0x[encoded data, 5464 characters]);
INSERT INTO `key_value` (`collection`, `name`, `value`) VALUES
('entity.definitions.installed', 'base_field_override.entity_type', 0x[encoded data, 4996 characters]),
('entity.definitions.installed', 'block.entity_type', 0x[encoded data, 6552 characters]),
('entity.definitions.installed', 'block_content.entity_type', 0x[encoded data, 8220 characters]);
INSERT INTO `key_value` (`collection`, `name`, `value`) VALUES
('entity.definitions.installed', 'block_content.field_storage_definitions', 0x[encoded data, 40264 characters]),
('entity.definitions.installed', 'block_content_type.entity_type', 0x[encoded data, 7162 characters]);
INSERT INTO `key_value` (`collection`, `name`, `value`) VALUES
('entity.definitions.installed', 'comment.entity_type', 0x[encoded data, 7088 characters]);
INSERT INTO `key_value` (`collection`, `name`, `value`) VALUES
('entity.definitions.installed', 'comment.field_storage_definitions', 0x[encoded data, 46274 characters]);
INSERT INTO `key_value` (`collection`, `name`, `value`) VALUES
('entity.definitions.installed', 'comment_type.entity_type', 0x[encoded data, 6468 characters]),
('entity.definitions.installed', 'contact_form.entity_type', 0x[encoded data, 6720 characters]),
('entity.definitions.installed', 'contact_message.entity_type', 0x[encoded data, 6170 characters]),
('entity.definitions.installed', 'contact_message.field_storage_definitions', 0x[encoded data, 17122 characters]),
('entity.definitions.installed', 'date_format.entity_type', 0x[encoded data, 5504 characters]),
('entity.definitions.installed', 'editor.entity_type', 0x[encoded data, 5416 characters]);
INSERT INTO `key_value` (`collection`, `name`, `value`) VALUES
('entity.definitions.installed', 'entity_form_display.entity_type', 0x[encoded data, 4688 characters]),
('entity.definitions.installed', 'entity_form_mode.entity_type', 0x[encoded data, 5142 characters]),
('entity.definitions.installed', 'entity_view_display.entity_type', 0x[encoded data, 4688 characters]),
('entity.definitions.installed', 'entity_view_mode.entity_type', 0x[encoded data, 5142 characters]),
('entity.definitions.installed', 'field_config.entity_type', 0x[encoded data, 5782 characters]),
('entity.definitions.installed', 'field_storage_config.entity_type', 0x[encoded data, 5960 characters]),
('entity.definitions.installed', 'file.entity_type', 0x[encoded data, 5676 characters]);
INSERT INTO `key_value` (`collection`, `name`, `value`) VALUES
('entity.definitions.installed', 'file.field_storage_definitions', 0x[encoded data, 24498 characters]),
('entity.definitions.installed', 'filter_format.entity_type', 0x[encoded data, 6520 characters]),
('entity.definitions.installed', 'image_style.entity_type', 0x[encoded data, 6714 characters]),
('entity.definitions.installed', 'menu.entity_type', 0x[encoded data, 5370 characters]);
INSERT INTO `key_value` (`collection`, `name`, `value`) VALUES
('entity.definitions.installed', 'menu_link_content.entity_type', 0x[encoded data, 7008 characters]),
('entity.definitions.installed', 'menu_link_content.field_storage_definitions', 0x[encoded data, 42614 characters]);
